{"id":110,"date":"2021-05-28T12:20:40","date_gmt":"2021-05-28T15:20:40","guid":{"rendered":"https:\/\/capacitacaoeggp.vr.uff.br\/?page_id=110"},"modified":"2025-07-03T09:51:24","modified_gmt":"2025-07-03T12:51:24","slug":"eventos","status":"publish","type":"page","link":"https:\/\/capacitacaoeggp.vr.uff.br\/?page_id=110","title":{"rendered":"Eventos"},"content":{"rendered":"\n<p class=\"has-text-align-center has-black-color has-text-color\" style=\"font-size:18px\"><a aria-label=\"IV Semin\u00e1rio Cient\u00edfico - 2025 (opens in a new tab)\" href=\"https:\/\/capacitacaoeggp.vr.uff.br\/?page_id=3656\" target=\"_blank\" rel=\"noreferrer noopener\" class=\"ek-link\">IV SEMIN\u00c1RIO CIENT\u00cdFICO &#8211; 2025<\/a><\/p>\n\n\n\n<hr class=\"wp-block-separator has-alpha-channel-opacity\" \/>\n\n\n\n<h2 class=\"wp-block-heading has-text-align-center has-black-color has-text-color\" style=\"font-size:18px\"><a aria-label=\" (opens in a new tab)\" href=\"https:\/\/capacitacaoeggp.vr.uff.br\/?page_id=2451\" target=\"_blank\" rel=\"noreferrer noopener\" class=\"ek-link\">III Semin\u00e1rio Cient\u00edfico &#8211; 2023 <\/a><\/h2>\n\n\n\n<hr class=\"wp-block-separator has-alpha-channel-opacity\" \/>\n\n\n\n<h2 class=\"wp-block-heading has-text-align-center has-black-color has-text-color\" style=\"font-size:18px\"><a aria-label=\" (opens in a new tab)\" href=\"https:\/\/capacitacaoeggp.vr.uff.br\/?page_id=883\" target=\"_blank\" rel=\"noreferrer noopener\" class=\"ek-link\">II Semin\u00e1rio Cient\u00edfico &#8211; 2021 <\/a><\/h2>\n\n\n\n<hr class=\"wp-block-separator has-alpha-channel-opacity\" \/>\n\n\n\n<h2 class=\"wp-block-heading has-text-align-center has-black-color has-text-color\" style=\"font-size:18px\"><a aria-label=\" (opens in a new tab)\" href=\"https:\/\/capacitacaoeggp.vr.uff.br\/?page_id=898\" target=\"_blank\" rel=\"noreferrer noopener\" class=\"ek-link\">I Semin\u00e1rio Cient\u00edfico &#8211; 2019<\/a><\/h2>\n\n\n\n<p><\/p>\n\n\n\n<h2 class=\"wp-block-heading\"><\/h2>\n\n\n\n<p><\/p>\n","protected":false},"excerpt":{"rendered":"<p>IV SEMIN\u00c1RIO CIENT\u00cdFICO &#8211; 2025 III Semin\u00e1rio Cient\u00edfico &#8211; 2023 II Semin\u00e1rio Cient\u00edfico &#8211; 2021 I Semin\u00e1rio Cient\u00edfico &#8211; 2019<\/p>\n","protected":false},"author":2,"featured_media":0,"parent":102,"menu_order":0,"comment_status":"closed","ping_status":"closed","template":"","meta":{"_editorskit_title_hidden":false,"_editorskit_reading_time":1,"_editorskit_is_block_options_detached":false,"_editorskit_block_options_position":"{}","_monsterinsights_skip_tracking":false,"_monsterinsights_sitenote_active":false,"_monsterinsights_sitenote_note":"","_monsterinsights_sitenote_category":0},"_links":{"self":[{"href":"https:\/\/capacitacaoeggp.vr.uff.br\/index.php?rest_route=\/wp\/v2\/pages\/110"}],"collection":[{"href":"https:\/\/capacitacaoeggp.vr.uff.br\/index.php?rest_route=\/wp\/v2\/pages"}],"about":[{"href":"https:\/\/capacitacaoeggp.vr.uff.br\/index.php?rest_route=\/wp\/v2\/types\/page"}],"author":[{"embeddable":true,"href":"https:\/\/capacitacaoeggp.vr.uff.br\/index.php?rest_route=\/wp\/v2\/users\/2"}],"replies":[{"embeddable":true,"href":"https:\/\/capacitacaoeggp.vr.uff.br\/index.php?rest_route=%2Fwp%2Fv2%2Fcomments&post=110"}],"version-history":[{"count":14,"href":"https:\/\/capacitacaoeggp.vr.uff.br\/index.php?rest_route=\/wp\/v2\/pages\/110\/revisions"}],"predecessor-version":[{"id":3661,"href":"https:\/\/capacitacaoeggp.vr.uff.br\/index.php?rest_route=\/wp\/v2\/pages\/110\/revisions\/3661"}],"up":[{"embeddable":true,"href":"https:\/\/capacitacaoeggp.vr.uff.br\/index.php?rest_route=\/wp\/v2\/pages\/102"}],"wp:attachment":[{"href":"https:\/\/capacitacaoeggp.vr.uff.br\/index.php?rest_route=%2Fwp%2Fv2%2Fmedia&parent=110"}],"curies":[{"name":"wp","href":"https:\/\/api.w.org\/{rel}","templated":true}]}}

<p class="has-text-align-center has-black-color has-text-color" style="font-size:18px"><a aria-label="IV Seminário Científico - 2025 (opens in a new tab)" href="https://capacitacaoeggp.vr.uff.br/?page_id=3656" target="_blank" rel="noreferrer noopener" class="ek-link">IV SEMINÁRIO CIENTÍFICO &#8211; 2025</a></p>



<hr class="wp-block-separator has-alpha-channel-opacity" />



<h2 class="wp-block-heading has-text-align-center has-black-color has-text-color" style="font-size:18px"><a aria-label=" (opens in a new tab)" href="https://capacitacaoeggp.vr.uff.br/?page_id=2451" target="_blank" rel="noreferrer noopener" class="ek-link">III Seminário Científico &#8211; 2023 </a></h2>



<hr class="wp-block-separator has-alpha-channel-opacity" />



<h2 class="wp-block-heading has-text-align-center has-black-color has-text-color" style="font-size:18px"><a aria-label=" (opens in a new tab)" href="https://capacitacaoeggp.vr.uff.br/?page_id=883" target="_blank" rel="noreferrer noopener" class="ek-link">II Seminário Científico &#8211; 2021 </a></h2>



<hr class="wp-block-separator has-alpha-channel-opacity" />



<h2 class="wp-block-heading has-text-align-center has-black-color has-text-color" style="font-size:18px"><a aria-label=" (opens in a new tab)" href="https://capacitacaoeggp.vr.uff.br/?page_id=898" target="_blank" rel="noreferrer noopener" class="ek-link">I Seminário Científico &#8211; 2019</a></h2>



<p></p>



<h2 class="wp-block-heading"></h2>



<p></p>

<p>IV SEMINÁRIO CIENTÍFICO &#8211; 2025 III Seminário Científico &#8211; 2023 II Seminário Científico &#8211; 2021 I Seminário Científico &#8211; 2019</p>
