{"id":1264,"date":"2022-03-18T13:14:48","date_gmt":"2022-03-18T16:14:48","guid":{"rendered":"https:\/\/capacitacaoeggp.vr.uff.br\/?page_id=1264"},"modified":"2026-03-24T15:11:27","modified_gmt":"2026-03-24T18:11:27","slug":"stricto-sensu","status":"publish","type":"page","link":"https:\/\/capacitacaoeggp.vr.uff.br\/?page_id=1264","title":{"rendered":"Stricto Sensu"},"content":{"rendered":"\n<hr class=\"wp-block-separator has-css-opacity is-style-wide\" \/>\n\n\n\n<p class=\"has-text-align-center\"><strong>Cursos de P\u00f3s-Gradua\u00e7\u00e3o Stricto Sensu com vagas reservadas para servidores.<\/strong><\/p>\n\n\n\n<hr class=\"wp-block-separator has-css-opacity is-style-wide\" \/>\n\n\n\n<p class=\"has-text-align-center has-black-color has-text-color\" style=\"font-size:14px\">&gt;&gt; <a aria-label=\"Programas contemplados no edital PQI 2025 (opens in a new tab)\" href=\"https:\/\/capacitacaoeggp.vr.uff.br\/wp-content\/uploads\/2026\/02\/PQI_2025_-_Resultado_Final_assinado.pdf\" target=\"_blank\" rel=\"noreferrer noopener\" class=\"ek-link\">Programas contemplados no edital PQI 2025<\/a><\/p>\n\n\n\n<hr class=\"wp-block-separator has-alpha-channel-opacity\" \/>\n\n\n\n<p style=\"font-size:18px\"><strong>Inscri\u00e7\u00f5es abertas<\/strong>:<\/p>\n\n\n\n<p class=\"has-black-color has-text-color\" style=\"font-size:16px\">&gt;&gt;<strong> <a aria-label=\"Doutorado em Patologia (opens in a new tab)\" href=\"https:\/\/drive.google.com\/file\/d\/1e-wADipCDB_ObF9RDe34keCPhx5hPP9z\/view\" target=\"_blank\" rel=\"noreferrer noopener\" class=\"ek-link\">Programa de P\u00f3s-Gradua\u00e7\u00e3o em Patologia &#8211; Doutorado<\/a><\/strong> (fluxo cont\u00ednuo)<\/p>\n\n\n\n<p class=\"has-black-color has-text-color\" style=\"font-size:16px\">&gt;&gt; <a aria-label=\"Mestrado Profissional em Sistemas de Gest\u00e3o (opens in a new tab)\" href=\"https:\/\/capacitacaoeggp.vr.uff.br\/?p=4298\" target=\"_blank\" rel=\"noreferrer noopener\" class=\"ek-link\"><strong>Mestrado Profissional em Sistemas de Gest\u00e3o<\/strong><\/a> (Inscri\u00e7\u00f5es at\u00e9 30\/04)<\/p>\n\n\n\n<hr class=\"wp-block-separator has-css-opacity is-style-wide\" \/>\n\n\n\n<hr class=\"wp-block-separator has-alpha-channel-opacity is-style-wide\" \/>\n\n\n\n<p style=\"font-size:18px\"><strong>Ofertas anteriores:<\/strong><\/p>\n\n\n\n<p class=\"has-black-color has-text-color\" style=\"font-size:14px\">&gt;&gt; <a rel=\"noreferrer noopener\" href=\"https:\/\/capacitacaoeggp.vr.uff.br\/wp-content\/uploads\/2025\/10\/Edital-PPGA-no2-2025.pdf\" target=\"_blank\" class=\"ek-link\">Mestrado Profissional em Administra\u00e7\u00e3o &#8211; Volta Redonda<\/a><\/p>\n\n\n\n<p style=\"font-size:14px\">&gt;&gt; <a aria-label=\"Mestrado Profissional em Enfermagem Assistencial (opens in a new tab)\" href=\"https:\/\/capacitacaoeggp.vr.uff.br\/wp-content\/uploads\/2025\/07\/Edital-13-2025-Mestrado-SEDE-PQI-2.pdf\" target=\"_blank\" rel=\"noreferrer noopener\" class=\"ek-link\">Mestrado Profissional em Enfermagem Assistencial<\/a><\/p>\n\n\n\n<p style=\"font-size:14px\">&gt;&gt; <a aria-label=\"Mestrado Profissional em Sistemas de Gest\u00e3o  (opens in a new tab)\" href=\"https:\/\/capacitacaoeggp.vr.uff.br\/wp-content\/uploads\/2024\/03\/Edital_MPSG_01_2024-1.pdf\" target=\"_blank\" rel=\"noreferrer noopener\" class=\"ek-link\">Mestrado Profissional em Sistemas de Gest\u00e3o<\/a><\/p>\n\n\n\n<p style=\"font-size:14px\">&gt;&gt; <a aria-label=\"P\u00f3s-Gradua\u00e7\u00e3o em Administra\u00e7\u00e3o - Niter\u00f3i - Mestrado (opens in a new tab)\" href=\"https:\/\/capacitacaoeggp.vr.uff.br\/wp-content\/uploads\/2023\/11\/Edital_PPGAd_02.2024_PQI__assinado.pdf\" target=\"_blank\" rel=\"noreferrer noopener\" class=\"ek-link\">P\u00f3s-Gradua\u00e7\u00e3o em Administra\u00e7\u00e3o &#8211; Niter\u00f3i &#8211; Mestrado<\/a><\/p>\n\n\n\n<p style=\"font-size:14px\">&gt;&gt; <a href=\"https:\/\/capacitacaoeggp.vr.uff.br\/wp-content\/uploads\/2024\/01\/CIENCIAS_APLICADAS_A_PRODUTOS_PARA_A_SAUDE-1.pdf\" target=\"_blank\" aria-label=\"P\u00f3s-Gradua\u00e7\u00e3o em Ci\u00eancias Aplicadas a Produtos para Sa\u00fade - Doutorado (opens in a new tab)\" rel=\"noreferrer noopener\" class=\"ek-link\">P\u00f3s-Gradua\u00e7\u00e3o em Ci\u00eancias Aplicadas a Produtos para Sa\u00fade &#8211; Doutorado<\/a><\/p>\n\n\n\n<p style=\"font-size:14px\">&gt;&gt; <a href=\"https:\/\/capacitacaoeggp.vr.uff.br\/wp-content\/uploads\/2024\/04\/Desenv_Regional_Ambiente_Politicas_Publicas.pdf\" target=\"_blank\" aria-label=\"P\u00f3s-Gradua\u00e7\u00e3o em Desenvolvimento Regional, Ambiente e Pol\u00edticas P\u00fablicas (opens in a new tab)\" rel=\"noreferrer noopener\" class=\"ek-link\">P\u00f3s-Gradua\u00e7\u00e3o em Desenvolvimento Regional, Ambiente e Pol\u00edticas P\u00fablicas<\/a><\/p>\n\n\n\n<p style=\"font-size:14px\">&gt;&gt;<a aria-label=\"Mestrado Profissional em Diversidade e Inclus\u00e3o (opens in a new tab)\" href=\"https:\/\/capacitacaoeggp.vr.uff.br\/wp-content\/uploads\/2024\/01\/EDITAL_COM_RETIFICACAO_Selecao_Turma_2024__CMPDI_assinado.pdf\" target=\"_blank\" rel=\"noreferrer noopener\" class=\"ek-link\"> P\u00f3s-Gradua\u00e7\u00e3o em Diversidade e Inclus\u00e3o &#8211; Mestrado Profissional<\/a><\/p>\n\n\n\n<p style=\"font-size:14px\">&gt;&gt; <a aria-label=\"P\u00f3s-Gradua\u00e7\u00e3o em Economia - Doutorado (opens in a new tab)\" href=\"https:\/\/capacitacaoeggp.vr.uff.br\/wp-content\/uploads\/2023\/05\/ECONOMIA_Doutorado_PQI.pdf\" target=\"_blank\" rel=\"noreferrer noopener\" class=\"ek-link\">P\u00f3s-Gradua\u00e7\u00e3o em Economia &#8211; Doutorado<\/a><\/p>\n\n\n\n<p class=\"has-black-color has-text-color\" style=\"font-size:14px\">&gt;&gt;<a href=\"https:\/\/capacitacaoeggp.vr.uff.br\/wp-content\/uploads\/2026\/02\/Edital_de_Selecao_PPGEP-UFF-Niteroi_2026_PQI_02022026.pdf\" target=\"_blank\" aria-label=\" P\u00f3s-Gradua\u00e7\u00e3o em Engenharia de Produ\u00e7\u00e3o - Niter\u00f3i - Doutorado (opens in a new tab)\" rel=\"noreferrer noopener\" class=\"ek-link\"> P\u00f3s-Gradua\u00e7\u00e3o em Engenharia de Produ\u00e7\u00e3o &#8211; Niter\u00f3i &#8211; Doutorado<\/a><\/p>\n\n\n\n<p style=\"font-size:14px\">&gt;&gt; <a href=\"https:\/\/capacitacaoeggp.vr.uff.br\/wp-content\/uploads\/2024\/01\/Edital_de_Selecao_PPGEP_2024_PQI_assinado.pdf\" target=\"_blank\" aria-label=\"P\u00f3s-Gradua\u00e7\u00e3o em Engenharia de Produ\u00e7\u00e3o - Volta Redonda - Mestrado Profissional (opens in a new tab)\" rel=\"noreferrer noopener\" class=\"ek-link\">P\u00f3s-Gradua\u00e7\u00e3o em Engenharia de Produ\u00e7\u00e3o &#8211; Volta Redonda &#8211; Mestrado Profissional<\/a><\/p>\n\n\n\n<p style=\"font-size:14px\">&gt;&gt; <a aria-label=\"Mestrado Profissional em Engenharia de Produ\u00e7\u00e3o e Sistemas Computacionais (opens in a new tab)\" href=\"https:\/\/capacitacaoeggp.vr.uff.br\/wp-content\/uploads\/2024\/01\/ENG_PRODUCAO_E_SISTEMAS_COMPUTACIONAIS-1.pdf\" target=\"_blank\" rel=\"noreferrer noopener\" class=\"ek-link\">P\u00f3s-Gradua\u00e7\u00e3o em Engenharia de Produ\u00e7\u00e3o e Sistemas Computacionais &#8211; Mestrado Profissional<\/a><\/p>\n\n\n\n<p style=\"font-size:14px\">&gt;&gt; <a aria-label=\" (opens in a new tab)\" href=\"https:\/\/capacitacaoeggp.vr.uff.br\/wp-content\/uploads\/2024\/07\/Edital-mestrado-PPGJS-UFF-2025.pdf\" target=\"_blank\" rel=\"noreferrer noopener\" class=\"ek-link\">P\u00f3s-Gradua\u00e7\u00e3o em Justi\u00e7a e Seguran\u00e7a &#8211; Mestrado<\/a><\/p>\n\n\n\n<p class=\"has-black-color has-text-color\" style=\"font-size:14px\">&gt;&gt; <a href=\"https:\/\/capacitacaoeggp.vr.uff.br\/wp-content\/uploads\/2025\/12\/BS-138.2025-EDITAL-PPGMVCR-No-2-2025-TURMA-2026.pdf\" target=\"_blank\" aria-label=\"P\u00f3s-Gradua\u00e7\u00e3o em Medicina Veterin\u00e1ria - Doutorado (opens in a new tab)\" rel=\"noreferrer noopener\" class=\"ek-link\">P\u00f3s-Gradua\u00e7\u00e3o em Medicina Veterin\u00e1ria &#8211; Doutorado<\/a><\/p>\n\n\n\n<p style=\"font-size:14px\">&gt;&gt; <a aria-label=\"P\u00f3s-Gradua\u00e7\u00e3o em Microbiologia e Parasitologia Aplicadas - Doutorado (opens in a new tab)\" href=\"https:\/\/capacitacaoeggp.vr.uff.br\/wp-content\/uploads\/2023\/04\/MICROBIOLOGIA_E_PARASITOLOGIA_APLICADAS_D.pdf\" target=\"_blank\" rel=\"noreferrer noopener\" class=\"ek-link\">P\u00f3s-Gradua\u00e7\u00e3o em Microbiologia e Parasitologia Aplicadas &#8211; Doutorado<\/a><\/p>\n\n\n\n<p class=\"has-black-color has-text-color\" style=\"font-size:14px\">&gt;&gt; <a href=\"https:\/\/capacitacaoeggp.vr.uff.br\/wp-content\/uploads\/2025\/10\/EDITAL-PPGMC-MESTRADO-TURMA-2026-Vaga-PQI.pdf\" target=\"_blank\" aria-label=\"P\u00f3s-Gradua\u00e7\u00e3o em M\u00eddia e Cotidiano - Mestrado (opens in a new tab)\" rel=\"noreferrer noopener\" class=\"ek-link\">P\u00f3s-Gradua\u00e7\u00e3o em M\u00eddia e Cotidiano &#8211; Mestrado<\/a><\/p>\n\n\n\n<p style=\"font-size:14px\">&gt;&gt; <a aria-label=\"P\u00f3s-Gradua\u00e7\u00e3o em Montagem Industrial - Mestrado Profissional (opens in a new tab)\" href=\"https:\/\/capacitacaoeggp.vr.uff.br\/wp-content\/uploads\/2023\/07\/MONTAGEM_INDUSTRIAL_M_PROF.pdf\" target=\"_blank\" rel=\"noreferrer noopener\" class=\"ek-link\">P\u00f3s-Gradua\u00e7\u00e3o em Montagem Industrial &#8211; Mestrado Profissional<\/a><\/p>\n\n\n\n<p style=\"font-size:14px\">&gt;&gt; <a href=\"https:\/\/capacitacaoeggp.vr.uff.br\/wp-content\/uploads\/2024\/04\/Edital-PPGPS-N.-02.2024.pdf\" target=\"_blank\" aria-label=\"P\u00f3s-Gradua\u00e7\u00e3o em Pol\u00edtica Social - Mestrado (opens in a new tab)\" rel=\"noreferrer noopener\" class=\"ek-link\">P\u00f3s-Gradua\u00e7\u00e3o em Pol\u00edtica Social &#8211; Mestrado<\/a><\/p>\n\n\n\n<p style=\"font-size:14px\">&gt;&gt; <a href=\"https:\/\/capacitacaoeggp.vr.uff.br\/wp-content\/uploads\/2024\/04\/Edital-PPGPS-N.-03.2024.pdf\" target=\"_blank\" aria-label=\"P\u00f3s-Gradua\u00e7\u00e3o em Pol\u00edtica Social - Doutorado (opens in a new tab)\" rel=\"noreferrer noopener\" class=\"ek-link\">P\u00f3s-Gradua\u00e7\u00e3o em Pol\u00edtica Social &#8211; Doutorado<\/a><\/p>\n\n\n\n<p style=\"font-size:14px\">&gt;&gt; <a href=\"https:\/\/capacitacaoeggp.vr.uff.br\/wp-content\/uploads\/2023\/04\/Mestrado-Saude-Coletiva.pdf\" target=\"_blank\" aria-label=\"P\u00f3s-Gradua\u00e7\u00e3o em Sa\u00fade Coletiva - Mestrado (opens in a new tab)\" rel=\"noreferrer noopener\" class=\"ek-link\">P\u00f3s-Gradua\u00e7\u00e3o em Sa\u00fade Coletiva &#8211; Mestrado<\/a><\/p>\n\n\n\n<p style=\"font-size:14px\">&gt;&gt; <a aria-label=\"Mestrado em Servi\u00e7o Social e Desenvolvimento Regional (opens in a new tab)\" href=\"https:\/\/capacitacaoeggp.vr.uff.br\/wp-content\/uploads\/2024\/01\/EDITAL_SS_DESENV_REGIONAL.pdf\" target=\"_blank\" rel=\"noreferrer noopener\" class=\"ek-link\">P\u00f3s-Gradua\u00e7\u00e3o em Servi\u00e7o Social e Desenvolvimento Regional &#8211; Mestrado<\/a><\/p>\n\n\n\n<p style=\"font-size:14px\">&gt;&gt; <a href=\"https:\/\/capacitacaoeggp.vr.uff.br\/wp-content\/uploads\/2024\/07\/Edital-Mestrado-PPGS-Turma-2025.pdf\" target=\"_blank\" aria-label=\" (opens in a new tab)\" rel=\"noreferrer noopener\" class=\"ek-link\">P\u00f3s-Gradua\u00e7\u00e3o em Sociologia &#8211; Mestrado<\/a><\/p>\n\n\n\n<p style=\"font-size:14px\">&gt;&gt; <a aria-label=\" (opens in a new tab)\" href=\"https:\/\/capacitacaoeggp.vr.uff.br\/wp-content\/uploads\/2024\/07\/Edital_PQI_Selecao_Doutorado_Turma_2025_assinado-1.pdf\" target=\"_blank\" rel=\"noreferrer noopener\" class=\"ek-link\">P\u00f3s-Gradua\u00e7\u00e3o em Sociologia &#8211; Doutorado<\/a><\/p>\n\n\n\n<p class=\"has-black-color has-text-color\" style=\"font-size:14px\">&gt;&gt; <a href=\"https:\/\/capacitacaoeggp.vr.uff.br\/wp-content\/uploads\/2025\/12\/Edital-VPT-02-2025-PQI.pdf\" target=\"_blank\" aria-label=\"P\u00f3s-Gradua\u00e7\u00e3o em Tecnologia Ambiental - Mestrado (opens in a new tab)\" rel=\"noreferrer noopener\" class=\"ek-link\">P\u00f3s-Gradua\u00e7\u00e3o em Tecnologia Ambiental &#8211; Mestrado<\/a><\/p>\n\n\n","protected":false},"excerpt":{"rendered":"<p>Cursos de P\u00f3s-Gradua\u00e7\u00e3o Stricto Sensu com vagas reservadas para servidores. &gt;&gt; Programas contemplados no edital PQI 2025 Inscri\u00e7\u00f5es abertas: &gt;&gt; Programa de P\u00f3s-Gradua\u00e7\u00e3o em Patologia &#8211; Doutorado (fluxo cont\u00ednuo) &gt;&gt; Mestrado Profissional em Sistemas de Gest\u00e3o (Inscri\u00e7\u00f5es at\u00e9 30\/04) Ofertas anteriores: &gt;&gt; Mestrado Profissional em Administra\u00e7\u00e3o &#8211; Volta Redonda &gt;&gt; Mestrado Profissional em Enfermagem Assistencial&hellip;<\/p>\n","protected":false},"author":3,"featured_media":0,"parent":0,"menu_order":16,"comment_status":"closed","ping_status":"closed","template":"","meta":{"_editorskit_title_hidden":false,"_editorskit_reading_time":1,"_editorskit_is_block_options_detached":false,"_editorskit_block_options_position":"{}","_monsterinsights_skip_tracking":false,"_monsterinsights_sitenote_active":false,"_monsterinsights_sitenote_note":"","_monsterinsights_sitenote_category":0},"_links":{"self":[{"href":"https:\/\/capacitacaoeggp.vr.uff.br\/index.php?rest_route=\/wp\/v2\/pages\/1264"}],"collection":[{"href":"https:\/\/capacitacaoeggp.vr.uff.br\/index.php?rest_route=\/wp\/v2\/pages"}],"about":[{"href":"https:\/\/capacitacaoeggp.vr.uff.br\/index.php?rest_route=\/wp\/v2\/types\/page"}],"author":[{"embeddable":true,"href":"https:\/\/capacitacaoeggp.vr.uff.br\/index.php?rest_route=\/wp\/v2\/users\/3"}],"replies":[{"embeddable":true,"href":"https:\/\/capacitacaoeggp.vr.uff.br\/index.php?rest_route=%2Fwp%2Fv2%2Fcomments&post=1264"}],"version-history":[{"count":229,"href":"https:\/\/capacitacaoeggp.vr.uff.br\/index.php?rest_route=\/wp\/v2\/pages\/1264\/revisions"}],"predecessor-version":[{"id":4304,"href":"https:\/\/capacitacaoeggp.vr.uff.br\/index.php?rest_route=\/wp\/v2\/pages\/1264\/revisions\/4304"}],"wp:attachment":[{"href":"https:\/\/capacitacaoeggp.vr.uff.br\/index.php?rest_route=%2Fwp%2Fv2%2Fmedia&parent=1264"}],"curies":[{"name":"wp","href":"https:\/\/api.w.org\/{rel}","templated":true}]}}