{"id":3140,"date":"2024-05-23T09:55:31","date_gmt":"2024-05-23T12:55:31","guid":{"rendered":"https:\/\/capacitacaoeggp.vr.uff.br\/?page_id=3140"},"modified":"2024-11-07T10:16:36","modified_gmt":"2024-11-07T13:16:36","slug":"tema-lgpd","status":"publish","type":"page","link":"https:\/\/capacitacaoeggp.vr.uff.br\/?page_id=3140","title":{"rendered":"Lei Geral de Prote\u00e7\u00e3o de Dados (LGPD)"},"content":{"rendered":"\n<p class=\"has-black-color has-text-color\" style=\"font-size:16px\">Voc\u00ea sabe o que \u00e9&nbsp; LGPD?&nbsp; LGPD \u00e9 a Lei Geral de Prote\u00e7\u00e3o de Dados que garante a prote\u00e7\u00e3o aos dados pessoais de indiv\u00edduos. A EGGP, juntamente com a Comiss\u00e3o LGPD da UFF, apresenta alguns cursos com&nbsp;in\u00edcio imediato e gratuitos sobre o tema:&nbsp;<\/p>\n\n\n\n<hr class=\"wp-block-separator has-alpha-channel-opacity\" \/>\n\n\n\n<p class=\"has-text-align-center has-black-color has-text-color\" style=\"font-size:16px\"><strong>&gt;<a aria-label=\" Lei Geral de Prote\u00e7\u00e3o de Dados (LGPD) (opens in a new tab)\" href=\"https:\/\/www.ev.org.br\/cursos\/lei-geral-de-protecao-de-dados-lgpd\" target=\"_blank\" rel=\"noreferrer noopener\" class=\"ek-link\"> Lei Geral de Prote\u00e7\u00e3o de Dados (LGPD)<\/a> <\/strong>(carga hor\u00e1ria: 2h) <\/p>\n\n\n\n<hr class=\"wp-block-separator has-alpha-channel-opacity\" \/>\n\n\n\n<p class=\"has-text-align-center has-black-color has-text-color\" style=\"font-size:16px\"><strong>&gt; <a aria-label=\"Voc\u00ea est\u00e1 por dentro da LGPD? (opens in a new tab)\" href=\"https:\/\/ibegesp.org.br\/curso\/minicurso-voce-esta-por-dentro-da-lgpd\/\" target=\"_blank\" rel=\"noreferrer noopener\" class=\"ek-link\">Voc\u00ea est\u00e1 por dentro da LGPD?<\/a><\/strong> (carga hor\u00e1ria: 4h) <\/p>\n\n\n\n<hr class=\"wp-block-separator has-alpha-channel-opacity\" \/>\n\n\n\n<p class=\"has-text-align-center has-black-color has-text-color\" style=\"font-size:16px\"><strong>&gt; <a aria-label=\"Prote\u00e7\u00e3o de Dados (opens in a new tab)\" href=\"https:\/\/educacao-executiva.fgv.br\/cursos\/online\/curta-media-duracao-online\/protecao-de-dados\" target=\"_blank\" rel=\"noreferrer noopener\" class=\"ek-link\">Prote\u00e7\u00e3o de Dados<\/a><\/strong> (carga hor\u00e1ria: 5h)<\/p>\n\n\n\n<hr class=\"wp-block-separator has-alpha-channel-opacity\" \/>\n\n\n\n<p class=\"has-text-align-center has-black-color has-text-color\" style=\"font-size:16px\"><strong>&gt; <a aria-label=\"LGPD no RH (opens in a new tab)\" href=\"https:\/\/materiais.infojobs.com.br\/mini-curso-lgpd\" target=\"_blank\" rel=\"noreferrer noopener\" class=\"ek-link\">LGPD no RH<\/a><\/strong> (carga hor\u00e1ria: 8h) <\/p>\n\n\n\n<hr class=\"wp-block-separator has-alpha-channel-opacity\" \/>\n\n\n\n<p class=\"has-text-align-center has-black-color has-text-color\" style=\"font-size:16px\"><strong>&gt;<a aria-label=\" Introdu\u00e7\u00e3o \u00e0 Lei Brasileira de Prote\u00e7\u00e3o de Dados Pessoais (opens in a new tab)\" href=\"https:\/\/www.escolavirtual.gov.br\/curso\/153\" target=\"_blank\" rel=\"noreferrer noopener\" class=\"ek-link\"> Introdu\u00e7\u00e3o \u00e0 Lei Brasileira de Prote\u00e7\u00e3o de Dados Pessoais<\/a><\/strong> (carga hor\u00e1ria: 10h)<\/p>\n\n\n\n<hr class=\"wp-block-separator has-alpha-channel-opacity\" \/>\n\n\n\n<p class=\"has-text-align-center has-black-color has-text-color\" style=\"font-size:16px\"><strong>&gt; <a aria-label=\"Prote\u00e7\u00e3o de Dados Pessoais no Setor P\u00fablico (opens in a new tab)\" href=\"https:\/\/www.escolavirtual.gov.br\/curso\/290\" target=\"_blank\" rel=\"noreferrer noopener\" class=\"ek-link\">Prote\u00e7\u00e3o de Dados Pessoais no Setor P\u00fablico<\/a><\/strong> (carga hor\u00e1ria: 15h) <\/p>\n\n\n\n<hr class=\"wp-block-separator has-alpha-channel-opacity\" \/>\n\n\n\n<p class=\"has-text-align-center has-black-color has-text-color\" style=\"font-size:16px\"><strong>&gt; <a aria-label=\"Fundamentos da Lei Geral de Prote\u00e7\u00e3o de Dados&nbsp; (opens in a new tab)\" href=\"https:\/\/www.escolavirtual.gov.br\/curso\/603\" target=\"_blank\" rel=\"noreferrer noopener\" class=\"ek-link\">Fundamentos da Lei Geral de Prote\u00e7\u00e3o de Dados&nbsp;<\/a><\/strong>(carga hor\u00e1ria: 15 horas) <\/p>\n\n\n\n<hr class=\"wp-block-separator has-alpha-channel-opacity\" \/>\n\n\n\n<p class=\"has-text-align-center has-black-color has-text-color\" style=\"font-size:16px\"><strong>&gt; <\/strong><a aria-label=\"Seguran\u00e7a da Informa\u00e7\u00e3o no Contexto da Transforma\u00e7\u00e3o Digital  (opens in a new tab)\" href=\"https:\/\/www.escolavirtual.gov.br\/curso\/378\" target=\"_blank\" rel=\"noreferrer noopener\" class=\"ek-link\"><strong>Seguran\u00e7a da Informa\u00e7\u00e3o no Contexto da Transforma\u00e7\u00e3o Digital<\/strong> <\/a>(carga hor\u00e1ria: 20h) <\/p>\n\n\n\n<hr class=\"wp-block-separator has-alpha-channel-opacity\" \/>\n\n\n\n<p class=\"has-text-align-center has-black-color has-text-color\" style=\"font-size:16px\"><strong>&gt; <a aria-label=\"Como Implementar a LGPD: bases, mecanismos e processos (opens in a new tab)\" href=\"https:\/\/www.escolavirtual.gov.br\/curso\/529\" target=\"_blank\" rel=\"noreferrer noopener\" class=\"ek-link\">Como Implementar a LGPD: bases, mecanismos e processos<\/a><\/strong> (carga hor\u00e1ria: 25h)<\/p>\n\n\n\n<hr class=\"wp-block-separator has-alpha-channel-opacity\" \/>\n\n\n\n<p class=\"has-text-align-center has-black-color has-text-color\" style=\"font-size:16px\"><strong>&gt; <\/strong><a aria-label=\"Governan\u00e7a de Dados na Transforma\u00e7\u00e3o Digital  (opens in a new tab)\" href=\"https:\/\/www.escolavirtual.gov.br\/curso\/536\" target=\"_blank\" rel=\"noreferrer noopener\" class=\"ek-link\"><strong>Governan\u00e7a de Dados na Transforma\u00e7\u00e3o Digital<\/strong> <\/a>(carga hor\u00e1ria: 25h)<\/p>\n\n\n\n<hr class=\"wp-block-separator has-alpha-channel-opacity\" \/>\n\n\n\n<p class=\"has-text-align-center has-black-color has-text-color\" style=\"font-size:16px\"><strong>&gt; <a aria-label=\"Fundamentos de Seguran\u00e7a na Informa\u00e7\u00e3o na Transforma\u00e7\u00e3o Digital (opens in a new tab)\" href=\"https:\/\/www.escolavirtual.gov.br\/curso\/916\" target=\"_blank\" rel=\"noreferrer noopener\" class=\"ek-link\">Fundamentos de Seguran\u00e7a na Informa\u00e7\u00e3o na Transforma\u00e7\u00e3o Digital<\/a><\/strong> (carga hor\u00e1ria: 25h)<\/p>\n\n\n\n<hr class=\"wp-block-separator has-alpha-channel-opacity\" \/>\n\n\n\n<p class=\"has-text-align-center has-black-color has-text-color\" style=\"font-size:16px\"><strong>&gt; <a aria-label=\"Governan\u00e7a de Dados (opens in a new tab)\" href=\"https:\/\/www.escolavirtual.gov.br\/curso\/270\" target=\"_blank\" rel=\"noreferrer noopener\" class=\"ek-link\">Governan\u00e7a de Dados<\/a><\/strong> (carga hor\u00e1ria: 30h) <\/p>\n\n\n\n<hr class=\"wp-block-separator has-alpha-channel-opacity\" \/>\n\n\n\n<p class=\"has-text-align-center has-black-color has-text-color\" style=\"font-size:16px\"><strong>&gt;<\/strong><a aria-label=\" Governo Aberto  (opens in a new tab)\" href=\"https:\/\/www.escolavirtual.gov.br\/curso\/140\" target=\"_blank\" rel=\"noreferrer noopener\" class=\"ek-link\"><strong> Governo Aberto<\/strong> <\/a>(carga hor\u00e1ria: 40h)<\/p>\n\n\n\n<hr class=\"wp-block-separator has-alpha-channel-opacity is-style-wide\" \/>\n\n\n\n<p class=\"has-black-color has-text-color\" style=\"font-size:17px\">&gt;&gt; Para maiores informa\u00e7\u00f5es, acesse <a aria-label=\"aqui.  (opens in a new tab)\" href=\"https:\/\/capacitacaoeggp.vr.uff.br\/wp-content\/uploads\/2024\/08\/Curadoria-EGGP-Cursos-LGPD.pdf\" target=\"_blank\" rel=\"noreferrer noopener\" class=\"ek-link\">aqui. <\/a><\/p>\n","protected":false},"excerpt":{"rendered":"<p>Voc\u00ea sabe o que \u00e9&nbsp; LGPD?&nbsp; LGPD \u00e9 a Lei Geral de Prote\u00e7\u00e3o de Dados que garante a prote\u00e7\u00e3o aos dados pessoais de indiv\u00edduos. A EGGP, juntamente com a Comiss\u00e3o LGPD da UFF, apresenta alguns cursos com&nbsp;in\u00edcio imediato e gratuitos sobre o tema:&nbsp; &gt; Lei Geral de Prote\u00e7\u00e3o de Dados (LGPD) (carga hor\u00e1ria: 2h) &gt;&hellip;<\/p>\n","protected":false},"author":6,"featured_media":0,"parent":0,"menu_order":0,"comment_status":"closed","ping_status":"closed","template":"","meta":{"_editorskit_title_hidden":false,"_editorskit_reading_time":0,"_editorskit_is_block_options_detached":false,"_editorskit_block_options_position":"{}","_monsterinsights_skip_tracking":false,"_monsterinsights_sitenote_active":false,"_monsterinsights_sitenote_note":"","_monsterinsights_sitenote_category":0},"_links":{"self":[{"href":"https:\/\/capacitacaoeggp.vr.uff.br\/index.php?rest_route=\/wp\/v2\/pages\/3140"}],"collection":[{"href":"https:\/\/capacitacaoeggp.vr.uff.br\/index.php?rest_route=\/wp\/v2\/pages"}],"about":[{"href":"https:\/\/capacitacaoeggp.vr.uff.br\/index.php?rest_route=\/wp\/v2\/types\/page"}],"author":[{"embeddable":true,"href":"https:\/\/capacitacaoeggp.vr.uff.br\/index.php?rest_route=\/wp\/v2\/users\/6"}],"replies":[{"embeddable":true,"href":"https:\/\/capacitacaoeggp.vr.uff.br\/index.php?rest_route=%2Fwp%2Fv2%2Fcomments&post=3140"}],"version-history":[{"count":12,"href":"https:\/\/capacitacaoeggp.vr.uff.br\/index.php?rest_route=\/wp\/v2\/pages\/3140\/revisions"}],"predecessor-version":[{"id":3350,"href":"https:\/\/capacitacaoeggp.vr.uff.br\/index.php?rest_route=\/wp\/v2\/pages\/3140\/revisions\/3350"}],"wp:attachment":[{"href":"https:\/\/capacitacaoeggp.vr.uff.br\/index.php?rest_route=%2Fwp%2Fv2%2Fmedia&parent=3140"}],"curies":[{"name":"wp","href":"https:\/\/api.w.org\/{rel}","templated":true}]}}

Lei Geral de Proteção de Dados (LGPD)

<p class="has-black-color has-text-color" style="font-size:16px">Você sabe o que é&nbsp; LGPD?&nbsp; LGPD é a Lei Geral de Proteção de Dados que garante a proteção aos dados pessoais de indivíduos. A EGGP, juntamente com a Comissão LGPD da UFF, apresenta alguns cursos com&nbsp;início imediato e gratuitos sobre o tema:&nbsp;</p>



<hr class="wp-block-separator has-alpha-channel-opacity" />



<p class="has-text-align-center has-black-color has-text-color" style="font-size:16px"><strong>&gt;<a aria-label=" Lei Geral de Proteção de Dados (LGPD) (opens in a new tab)" href="https://www.ev.org.br/cursos/lei-geral-de-protecao-de-dados-lgpd" target="_blank" rel="noreferrer noopener" class="ek-link"> Lei Geral de Proteção de Dados (LGPD)</a> </strong>(carga horária: 2h) </p>



<hr class="wp-block-separator has-alpha-channel-opacity" />



<p class="has-text-align-center has-black-color has-text-color" style="font-size:16px"><strong>&gt; <a aria-label="Você está por dentro da LGPD? (opens in a new tab)" href="https://ibegesp.org.br/curso/minicurso-voce-esta-por-dentro-da-lgpd/" target="_blank" rel="noreferrer noopener" class="ek-link">Você está por dentro da LGPD?</a></strong> (carga horária: 4h) </p>



<hr class="wp-block-separator has-alpha-channel-opacity" />



<p class="has-text-align-center has-black-color has-text-color" style="font-size:16px"><strong>&gt; <a aria-label="Proteção de Dados (opens in a new tab)" href="https://educacao-executiva.fgv.br/cursos/online/curta-media-duracao-online/protecao-de-dados" target="_blank" rel="noreferrer noopener" class="ek-link">Proteção de Dados</a></strong> (carga horária: 5h)</p>



<hr class="wp-block-separator has-alpha-channel-opacity" />



<p class="has-text-align-center has-black-color has-text-color" style="font-size:16px"><strong>&gt; <a aria-label="LGPD no RH (opens in a new tab)" href="https://materiais.infojobs.com.br/mini-curso-lgpd" target="_blank" rel="noreferrer noopener" class="ek-link">LGPD no RH</a></strong> (carga horária: 8h) </p>



<hr class="wp-block-separator has-alpha-channel-opacity" />



<p class="has-text-align-center has-black-color has-text-color" style="font-size:16px"><strong>&gt;<a aria-label=" Introdução à Lei Brasileira de Proteção de Dados Pessoais (opens in a new tab)" href="https://www.escolavirtual.gov.br/curso/153" target="_blank" rel="noreferrer noopener" class="ek-link"> Introdução à Lei Brasileira de Proteção de Dados Pessoais</a></strong> (carga horária: 10h)</p>



<hr class="wp-block-separator has-alpha-channel-opacity" />



<p class="has-text-align-center has-black-color has-text-color" style="font-size:16px"><strong>&gt; <a aria-label="Proteção de Dados Pessoais no Setor Público (opens in a new tab)" href="https://www.escolavirtual.gov.br/curso/290" target="_blank" rel="noreferrer noopener" class="ek-link">Proteção de Dados Pessoais no Setor Público</a></strong> (carga horária: 15h) </p>



<hr class="wp-block-separator has-alpha-channel-opacity" />



<p class="has-text-align-center has-black-color has-text-color" style="font-size:16px"><strong>&gt; <a aria-label="Fundamentos da Lei Geral de Proteção de Dados&nbsp; (opens in a new tab)" href="https://www.escolavirtual.gov.br/curso/603" target="_blank" rel="noreferrer noopener" class="ek-link">Fundamentos da Lei Geral de Proteção de Dados&nbsp;</a></strong>(carga horária: 15 horas) </p>



<hr class="wp-block-separator has-alpha-channel-opacity" />



<p class="has-text-align-center has-black-color has-text-color" style="font-size:16px"><strong>&gt; </strong><a aria-label="Segurança da Informação no Contexto da Transformação Digital  (opens in a new tab)" href="https://www.escolavirtual.gov.br/curso/378" target="_blank" rel="noreferrer noopener" class="ek-link"><strong>Segurança da Informação no Contexto da Transformação Digital</strong> </a>(carga horária: 20h) </p>



<hr class="wp-block-separator has-alpha-channel-opacity" />



<p class="has-text-align-center has-black-color has-text-color" style="font-size:16px"><strong>&gt; <a aria-label="Como Implementar a LGPD: bases, mecanismos e processos (opens in a new tab)" href="https://www.escolavirtual.gov.br/curso/529" target="_blank" rel="noreferrer noopener" class="ek-link">Como Implementar a LGPD: bases, mecanismos e processos</a></strong> (carga horária: 25h)</p>



<hr class="wp-block-separator has-alpha-channel-opacity" />



<p class="has-text-align-center has-black-color has-text-color" style="font-size:16px"><strong>&gt; </strong><a aria-label="Governança de Dados na Transformação Digital  (opens in a new tab)" href="https://www.escolavirtual.gov.br/curso/536" target="_blank" rel="noreferrer noopener" class="ek-link"><strong>Governança de Dados na Transformação Digital</strong> </a>(carga horária: 25h)</p>



<hr class="wp-block-separator has-alpha-channel-opacity" />



<p class="has-text-align-center has-black-color has-text-color" style="font-size:16px"><strong>&gt; <a aria-label="Fundamentos de Segurança na Informação na Transformação Digital (opens in a new tab)" href="https://www.escolavirtual.gov.br/curso/916" target="_blank" rel="noreferrer noopener" class="ek-link">Fundamentos de Segurança na Informação na Transformação Digital</a></strong> (carga horária: 25h)</p>



<hr class="wp-block-separator has-alpha-channel-opacity" />



<p class="has-text-align-center has-black-color has-text-color" style="font-size:16px"><strong>&gt; <a aria-label="Governança de Dados (opens in a new tab)" href="https://www.escolavirtual.gov.br/curso/270" target="_blank" rel="noreferrer noopener" class="ek-link">Governança de Dados</a></strong> (carga horária: 30h) </p>



<hr class="wp-block-separator has-alpha-channel-opacity" />



<p class="has-text-align-center has-black-color has-text-color" style="font-size:16px"><strong>&gt;</strong><a aria-label=" Governo Aberto  (opens in a new tab)" href="https://www.escolavirtual.gov.br/curso/140" target="_blank" rel="noreferrer noopener" class="ek-link"><strong> Governo Aberto</strong> </a>(carga horária: 40h)</p>



<hr class="wp-block-separator has-alpha-channel-opacity is-style-wide" />



<p class="has-black-color has-text-color" style="font-size:17px">&gt;&gt; Para maiores informações, acesse <a aria-label="aqui.  (opens in a new tab)" href="https://capacitacaoeggp.vr.uff.br/wp-content/uploads/2024/08/Curadoria-EGGP-Cursos-LGPD.pdf" target="_blank" rel="noreferrer noopener" class="ek-link">aqui. </a></p>

<p>Você sabe o que é&nbsp; LGPD?&nbsp; LGPD é a Lei Geral de Proteção de Dados que garante a proteção aos dados pessoais de indivíduos. A EGGP, juntamente com a Comissão LGPD da UFF, apresenta alguns cursos com&nbsp;início imediato e gratuitos sobre o tema:&nbsp; &gt; Lei Geral de Proteção de Dados (LGPD) (carga horária: 2h) &gt;&hellip;</p>
