{"id":3656,"date":"2025-05-28T14:32:44","date_gmt":"2025-05-28T17:32:44","guid":{"rendered":"https:\/\/capacitacaoeggp.vr.uff.br\/?page_id=3656"},"modified":"2026-01-08T15:03:52","modified_gmt":"2026-01-08T18:03:52","slug":"iv-seminario-cientifico-2025","status":"publish","type":"page","link":"https:\/\/capacitacaoeggp.vr.uff.br\/?page_id=3656","title":{"rendered":"IV Semin\u00e1rio Cient\u00edfico &#8211; 2025"},"content":{"rendered":"\n<p class=\"has-text-align-justify has-black-color has-text-color\">Promovido pela EGGP\/Progepe, o evento tem por objetivo dar visibilidade ao conhecimento t\u00e9cnico-cient\u00edfico e \u00e0s experi\u00eancias profissionais e sociais produzidas pelos servidores relativos \u00e0 gest\u00e3o p\u00fablica, ao ensino, \u00e0 pesquisa e \u00e0 extens\u00e3o. A iniciativa faz parte das atividades da Semana do Servidor P\u00fablico de 2025.<\/p>\n\n\n\n<hr class=\"wp-block-separator has-alpha-channel-opacity\" \/>\n\n\n\n<h2 class=\"wp-block-heading has-text-align-center\" id=\"data-de-realizacao\">Data de realiza\u00e7\u00e3o:<\/h2>\n\n\n\n<p class=\"has-text-align-center has-black-color has-text-color\">31 de Outubro de 2025<\/p>\n\n\n\n<hr class=\"wp-block-separator has-alpha-channel-opacity\" \/>\n\n\n\n<h2 class=\"wp-block-heading has-text-align-center\">Localiza\u00e7\u00e3o:<\/h2>\n\n\n\n<p class=\"has-text-align-center has-black-color has-text-color\">Evento totalmente online. <a href=\"https:\/\/www.youtube.com\/watch?v=iVl4aCHrDgo\" target=\"_blank\" aria-label=\"Acesse aqu (opens in a new tab)\" rel=\"noreferrer noopener\" class=\"ek-link\">Acesse aqu<\/a>i.<\/p>\n\n\n\n<hr class=\"wp-block-separator has-alpha-channel-opacity\" \/>\n\n\n\n<h2 class=\"wp-block-heading has-text-align-center\" id=\"areas-tematicas\">\u00c1reas Tem\u00e1ticas:<\/h2>\n\n\n\n<p class=\"has-text-align-center has-black-color has-text-color\">Gest\u00e3o P\u00fablica e Inova\u00e7\u00e3o<\/p>\n\n\n\n<p class=\"has-text-align-center has-black-color has-text-color\">Ensino, Pesquisa e Extens\u00e3o<\/p>\n\n\n\n<p class=\"has-text-align-center has-black-color has-text-color\">Gest\u00e3o e trabalho em sa\u00fade<\/p>\n\n\n\n<p class=\"has-text-align-center has-black-color has-text-color\">Inclus\u00e3o, Diversidade e Direitos Humanos<\/p>\n\n\n\n<p class=\"has-text-align-center has-black-color has-text-color\">Pol\u00edtica P\u00fablica e Educa\u00e7\u00e3o<\/p>\n\n\n\n<hr class=\"wp-block-separator has-alpha-channel-opacity\" \/>\n\n\n\n<h2 class=\"wp-block-heading has-text-align-center\" id=\"inscricoes-encerradas\">Inscri\u00e7\u00f5es:<\/h2>\n\n\n\n<p class=\"has-text-align-center has-black-color has-text-color\"><a href=\"https:\/\/www.even3.com.br\/iv-seminario-cientifico-dos-servidores-da-uff-iv-secienuff-550092\/\" target=\"_blank\" aria-label=\" (opens in a new tab)\" rel=\"noreferrer noopener\" class=\"ek-link\">IV Semin\u00e1rio Cient\u00edfico dos Servidores da UFF &#8211; IV SecienUFF<\/a><\/p>\n\n\n\n<hr class=\"wp-block-separator has-alpha-channel-opacity\" \/>\n\n\n\n<h2 class=\"wp-block-heading has-text-align-center\">Edital:<\/h2>\n\n\n\n<p class=\"has-text-align-center has-black-color has-text-color\"><a href=\"https:\/\/capacitacaoeggp.vr.uff.br\/wp-content\/uploads\/2025\/05\/IV-Seminario-Cientifico-dos-Servidores-da-UFF-IV-SecienUFF.pdf\" target=\"_blank\" aria-label=\" (opens in a new tab)\" rel=\"noreferrer noopener\" class=\"ek-link\">Acesse aqui!<\/a><\/p>\n\n\n\n<hr class=\"wp-block-separator has-alpha-channel-opacity\" \/>\n\n\n\n<h2 class=\"wp-block-heading has-text-align-center\">Resumo \u2013 em n\u00fameros:<\/h2>\n\n\n\n<p class=\"has-text-align-center has-black-color has-text-color\">Em breve.<\/p>\n\n\n\n<hr class=\"wp-block-separator has-alpha-channel-opacity\" \/>\n\n\n\n<p class=\"has-text-align-center has-black-color has-text-color\"><strong><a href=\"https:\/\/capacitacaoeggp.vr.uff.br\/wp-content\/uploads\/2025\/12\/ANAIS-IV-SecienUFF-2025-finalizado.pdf\" target=\"_blank\" aria-label=\"ACESSE AQUI OS ANAIS DO IV SEMIN\u00c1RIO (opens in a new tab)\" rel=\"noreferrer noopener\" class=\"ek-link\">ACESSE AQUI OS ANAIS DO IV SEMIN\u00c1RIO<\/a><\/strong><\/p>\n","protected":false},"excerpt":{"rendered":"<p>Promovido pela EGGP\/Progepe, o evento tem por objetivo dar visibilidade ao conhecimento t\u00e9cnico-cient\u00edfico e \u00e0s experi\u00eancias profissionais e sociais produzidas pelos servidores relativos \u00e0 gest\u00e3o p\u00fablica, ao ensino, \u00e0 pesquisa e \u00e0 extens\u00e3o. A iniciativa faz parte das atividades da Semana do Servidor P\u00fablico de 2025. Data de realiza\u00e7\u00e3o: 31 de Outubro de 2025 Localiza\u00e7\u00e3o:&hellip;<\/p>\n","protected":false},"author":6,"featured_media":0,"parent":0,"menu_order":0,"comment_status":"closed","ping_status":"closed","template":"","meta":{"_editorskit_title_hidden":false,"_editorskit_reading_time":0,"_editorskit_is_block_options_detached":false,"_editorskit_block_options_position":"{}","_monsterinsights_skip_tracking":false,"_monsterinsights_sitenote_active":false,"_monsterinsights_sitenote_note":"","_monsterinsights_sitenote_category":0},"_links":{"self":[{"href":"https:\/\/capacitacaoeggp.vr.uff.br\/index.php?rest_route=\/wp\/v2\/pages\/3656"}],"collection":[{"href":"https:\/\/capacitacaoeggp.vr.uff.br\/index.php?rest_route=\/wp\/v2\/pages"}],"about":[{"href":"https:\/\/capacitacaoeggp.vr.uff.br\/index.php?rest_route=\/wp\/v2\/types\/page"}],"author":[{"embeddable":true,"href":"https:\/\/capacitacaoeggp.vr.uff.br\/index.php?rest_route=\/wp\/v2\/users\/6"}],"replies":[{"embeddable":true,"href":"https:\/\/capacitacaoeggp.vr.uff.br\/index.php?rest_route=%2Fwp%2Fv2%2Fcomments&post=3656"}],"version-history":[{"count":3,"href":"https:\/\/capacitacaoeggp.vr.uff.br\/index.php?rest_route=\/wp\/v2\/pages\/3656\/revisions"}],"predecessor-version":[{"id":4128,"href":"https:\/\/capacitacaoeggp.vr.uff.br\/index.php?rest_route=\/wp\/v2\/pages\/3656\/revisions\/4128"}],"wp:attachment":[{"href":"https:\/\/capacitacaoeggp.vr.uff.br\/index.php?rest_route=%2Fwp%2Fv2%2Fmedia&parent=3656"}],"curies":[{"name":"wp","href":"https:\/\/api.w.org\/{rel}","templated":true}]}}

IV Seminário Científico &#8211; 2025

<p class="has-text-align-justify has-black-color has-text-color">Promovido pela EGGP/Progepe, o evento tem por objetivo dar visibilidade ao conhecimento técnico-científico e às experiências profissionais e sociais produzidas pelos servidores relativos à gestão pública, ao ensino, à pesquisa e à extensão. A iniciativa faz parte das atividades da Semana do Servidor Público de 2025.</p>



<hr class="wp-block-separator has-alpha-channel-opacity" />



<h2 class="wp-block-heading has-text-align-center" id="data-de-realizacao">Data de realização:</h2>



<p class="has-text-align-center has-black-color has-text-color">31 de Outubro de 2025</p>



<hr class="wp-block-separator has-alpha-channel-opacity" />



<h2 class="wp-block-heading has-text-align-center">Localização:</h2>



<p class="has-text-align-center has-black-color has-text-color">Evento totalmente online. <a href="https://www.youtube.com/watch?v=iVl4aCHrDgo" target="_blank" aria-label="Acesse aqu (opens in a new tab)" rel="noreferrer noopener" class="ek-link">Acesse aqu</a>i.</p>



<hr class="wp-block-separator has-alpha-channel-opacity" />



<h2 class="wp-block-heading has-text-align-center" id="areas-tematicas">Áreas Temáticas:</h2>



<p class="has-text-align-center has-black-color has-text-color">Gestão Pública e Inovação</p>



<p class="has-text-align-center has-black-color has-text-color">Ensino, Pesquisa e Extensão</p>



<p class="has-text-align-center has-black-color has-text-color">Gestão e trabalho em saúde</p>



<p class="has-text-align-center has-black-color has-text-color">Inclusão, Diversidade e Direitos Humanos</p>



<p class="has-text-align-center has-black-color has-text-color">Política Pública e Educação</p>



<hr class="wp-block-separator has-alpha-channel-opacity" />



<h2 class="wp-block-heading has-text-align-center" id="inscricoes-encerradas">Inscrições:</h2>



<p class="has-text-align-center has-black-color has-text-color"><a href="https://www.even3.com.br/iv-seminario-cientifico-dos-servidores-da-uff-iv-secienuff-550092/" target="_blank" aria-label=" (opens in a new tab)" rel="noreferrer noopener" class="ek-link">IV Seminário Científico dos Servidores da UFF &#8211; IV SecienUFF</a></p>



<hr class="wp-block-separator has-alpha-channel-opacity" />



<h2 class="wp-block-heading has-text-align-center">Edital:</h2>



<p class="has-text-align-center has-black-color has-text-color"><a href="https://capacitacaoeggp.vr.uff.br/wp-content/uploads/2025/05/IV-Seminario-Cientifico-dos-Servidores-da-UFF-IV-SecienUFF.pdf" target="_blank" aria-label=" (opens in a new tab)" rel="noreferrer noopener" class="ek-link">Acesse aqui!</a></p>



<hr class="wp-block-separator has-alpha-channel-opacity" />



<h2 class="wp-block-heading has-text-align-center">Resumo – em números:</h2>



<p class="has-text-align-center has-black-color has-text-color">Em breve.</p>



<hr class="wp-block-separator has-alpha-channel-opacity" />



<p class="has-text-align-center has-black-color has-text-color"><strong><a href="https://capacitacaoeggp.vr.uff.br/wp-content/uploads/2025/12/ANAIS-IV-SecienUFF-2025-finalizado.pdf" target="_blank" aria-label="ACESSE AQUI OS ANAIS DO IV SEMINÁRIO (opens in a new tab)" rel="noreferrer noopener" class="ek-link">ACESSE AQUI OS ANAIS DO IV SEMINÁRIO</a></strong></p>

<p>Promovido pela EGGP/Progepe, o evento tem por objetivo dar visibilidade ao conhecimento técnico-científico e às experiências profissionais e sociais produzidas pelos servidores relativos à gestão pública, ao ensino, à pesquisa e à extensão. A iniciativa faz parte das atividades da Semana do Servidor Público de 2025. Data de realização: 31 de Outubro de 2025 Localização:&hellip;</p>
