{"id":444,"date":"2021-08-16T14:39:46","date_gmt":"2021-08-16T17:39:46","guid":{"rendered":"https:\/\/capacitacaoeggp.vr.uff.br\/?page_id=444"},"modified":"2021-09-21T16:33:45","modified_gmt":"2021-09-21T19:33:45","slug":"direito-administrativo-avancado","status":"publish","type":"page","link":"https:\/\/capacitacaoeggp.vr.uff.br\/?page_id=444","title":{"rendered":"Direito Administrativo Avan\u00e7ado"},"content":{"rendered":"\n<section id=\"gm571b8a3\" class=\"wp-block-gutentor-m3 section-gm571b8a3 gutentor-module gutentor-container-cover\"><div class=\"grid-container\">\n<h2 class=\"has-text-align-center wp-block-heading\">Objetivo<\/h2>\n\n\n\n<p style=\"font-size:18px\">Propiciar conhecimentos avan\u00e7ados sobre o Direito Administrativo e capacitar servidores p\u00fablicos, fomentando a an\u00e1lise e entendimento do conte\u00fado \u00e0 luz de doutrina especializada, jurisprud\u00eancia e legisla\u00e7\u00e3o.<\/p>\n\n\n\n<hr class=\"wp-block-separator is-style-wide\"\/>\n\n\n\n<h2 class=\"wp-block-heading\">Per\u00edodo<\/h2>\n\n\n\n<p style=\"font-size:18px\">Semestral<\/p>\n\n\n\n<hr class=\"wp-block-separator is-style-wide\"\/>\n\n\n\n<h2 class=\"wp-block-heading\">P\u00fablico Alvo<\/h2>\n\n\n\n<p style=\"font-size:18px\">T\u00e9cnico-Administrativo<\/p>\n\n\n\n<hr class=\"wp-block-separator is-style-wide\"\/>\n\n\n\n<h2 class=\"wp-block-heading\">Carga Hor\u00e1ria<\/h2>\n\n\n\n<p style=\"font-size:18px\">30h<\/p>\n\n\n\n<hr class=\"wp-block-separator is-style-wide\"\/>\n\n\n\n<h2 class=\"wp-block-heading\">Fazer Inscri\u00e7\u00e3o<\/h2>\n\n\n\n<p style=\"font-size:18px\"><a href=\"#\" target=\"_blank\" aria-label=\" Formul\u00e1rio de Inscri\u00e7\u00e3o (opens in a new tab)\" rel=\"noreferrer noopener\" class=\"ek-link\"> Formul\u00e1rio de Inscri\u00e7\u00e3o<\/a><\/p>\n<\/div><\/section>\n","protected":false},"excerpt":{"rendered":"<p>coursedetail_tae<\/p>\n","protected":false},"author":2,"featured_media":597,"parent":106,"menu_order":0,"comment_status":"closed","ping_status":"closed","template":"","meta":{"_editorskit_title_hidden":false,"_editorskit_reading_time":1,"_editorskit_is_block_options_detached":false,"_editorskit_block_options_position":"{}","_monsterinsights_skip_tracking":false,"_monsterinsights_sitenote_active":false,"_monsterinsights_sitenote_note":"","_monsterinsights_sitenote_category":0},"_links":{"self":[{"href":"https:\/\/capacitacaoeggp.vr.uff.br\/index.php?rest_route=\/wp\/v2\/pages\/444"}],"collection":[{"href":"https:\/\/capacitacaoeggp.vr.uff.br\/index.php?rest_route=\/wp\/v2\/pages"}],"about":[{"href":"https:\/\/capacitacaoeggp.vr.uff.br\/index.php?rest_route=\/wp\/v2\/types\/page"}],"author":[{"embeddable":true,"href":"https:\/\/capacitacaoeggp.vr.uff.br\/index.php?rest_route=\/wp\/v2\/users\/2"}],"replies":[{"embeddable":true,"href":"https:\/\/capacitacaoeggp.vr.uff.br\/index.php?rest_route=%2Fwp%2Fv2%2Fcomments&post=444"}],"version-history":[{"count":11,"href":"https:\/\/capacitacaoeggp.vr.uff.br\/index.php?rest_route=\/wp\/v2\/pages\/444\/revisions"}],"predecessor-version":[{"id":698,"href":"https:\/\/capacitacaoeggp.vr.uff.br\/index.php?rest_route=\/wp\/v2\/pages\/444\/revisions\/698"}],"up":[{"embeddable":true,"href":"https:\/\/capacitacaoeggp.vr.uff.br\/index.php?rest_route=\/wp\/v2\/pages\/106"}],"wp:featuredmedia":[{"embeddable":true,"href":"https:\/\/capacitacaoeggp.vr.uff.br\/index.php?rest_route=\/wp\/v2\/media\/597"}],"wp:attachment":[{"href":"https:\/\/capacitacaoeggp.vr.uff.br\/index.php?rest_route=%2Fwp%2Fv2%2Fmedia&parent=444"}],"curies":[{"name":"wp","href":"https:\/\/api.w.org\/{rel}","templated":true}]}}

Direito Administrativo Avançado

<section id="gm571b8a3" class="wp-block-gutentor-m3 section-gm571b8a3 gutentor-module gutentor-container-cover"><div class="grid-container">
<h2 class="has-text-align-center wp-block-heading">Objetivo</h2>



<p style="font-size:18px">Propiciar conhecimentos avançados sobre o Direito Administrativo e capacitar servidores públicos, fomentando a análise e entendimento do conteúdo à luz de doutrina especializada, jurisprudência e legislação.</p>



<hr class="wp-block-separator is-style-wide"/>



<h2 class="wp-block-heading">Período</h2>



<p style="font-size:18px">Semestral</p>



<hr class="wp-block-separator is-style-wide"/>



<h2 class="wp-block-heading">Público Alvo</h2>



<p style="font-size:18px">Técnico-Administrativo</p>



<hr class="wp-block-separator is-style-wide"/>



<h2 class="wp-block-heading">Carga Horária</h2>



<p style="font-size:18px">30h</p>



<hr class="wp-block-separator is-style-wide"/>



<h2 class="wp-block-heading">Fazer Inscrição</h2>



<p style="font-size:18px"><a href="#" target="_blank" aria-label=" Formulário de Inscrição (opens in a new tab)" rel="noreferrer noopener" class="ek-link"> Formulário de Inscrição</a></p>
</div></section>
