{"id":447,"date":"2021-08-16T14:42:27","date_gmt":"2021-08-16T17:42:27","guid":{"rendered":"https:\/\/capacitacaoeggp.vr.uff.br\/?page_id=447"},"modified":"2021-09-20T10:47:53","modified_gmt":"2021-09-20T13:47:53","slug":"gestao-de-unidades-academicas-da-uff-estrutura-organizacional-sistemas-e-rotinas","status":"publish","type":"page","link":"https:\/\/capacitacaoeggp.vr.uff.br\/?page_id=447","title":{"rendered":"Gest\u00e3o de Unidades Acad\u00eamicas da UFF: Estrutura Organizacional, Sistemas e Rotinas"},"content":{"rendered":"\n<section id=\"gm6806f2c\" class=\"wp-block-gutentor-m3 section-gm6806f2c gutentor-module gutentor-container-cover\"><div class=\"grid-container\">\n<h2 class=\"has-text-align-center wp-block-heading\">Objetivo<\/h2>\n\n\n\n<p style=\"font-size:18px\">Apresentar conte\u00fados na \u00e1rea de Administra\u00e7\u00e3o P\u00fablica em a\u00e7\u00f5es de capacita\u00e7\u00e3o que propiciem o di\u00e1logo entre os gestores da UFF para que eles adquiram compet\u00eancias e habilidades nessa \u00e1rea visando que as metas institucionais de efici\u00eancia em gest\u00e3o sejam atingidas.<\/p>\n\n\n\n<hr class=\"wp-block-separator is-style-wide\"\/>\n\n\n\n<h2 class=\"wp-block-heading\">Per\u00edodo<\/h2>\n\n\n\n<p style=\"font-size:18px\">Fluxo Cont\u00ednuo<\/p>\n\n\n\n<hr class=\"wp-block-separator is-style-wide\"\/>\n\n\n\n<h2 class=\"wp-block-heading\">P\u00fablico Alvo<\/h2>\n\n\n\n<p style=\"font-size:18px\">Gestores<\/p>\n\n\n\n<hr class=\"wp-block-separator is-style-wide\"\/>\n\n\n\n<h2 class=\"wp-block-heading\">Carga Hor\u00e1ria<\/h2>\n\n\n\n<p style=\"font-size:18px\">24h<\/p>\n\n\n\n<hr class=\"wp-block-separator is-style-wide\"\/>\n\n\n\n<h2 class=\"wp-block-heading\">Manifestar Interesse<\/h2>\n\n\n\n<p style=\"font-size:18px\"> <a aria-label=\" (opens in a new tab)\" href=\"https:\/\/forms.gle\/QgWCDQART23WkQkq9\" target=\"_blank\" rel=\"noreferrer noopener\" class=\"ek-link\">Preencher formul\u00e1rio<\/a><\/p>\n<\/div><\/section>\n\n\n","protected":false},"excerpt":{"rendered":"<p>coursedetail_gest<\/p>\n","protected":false},"author":2,"featured_media":659,"parent":323,"menu_order":0,"comment_status":"closed","ping_status":"closed","template":"","meta":{"_editorskit_title_hidden":false,"_editorskit_reading_time":1,"_editorskit_is_block_options_detached":false,"_editorskit_block_options_position":"{}","_monsterinsights_skip_tracking":false,"_monsterinsights_sitenote_active":false,"_monsterinsights_sitenote_note":"","_monsterinsights_sitenote_category":0},"_links":{"self":[{"href":"https:\/\/capacitacaoeggp.vr.uff.br\/index.php?rest_route=\/wp\/v2\/pages\/447"}],"collection":[{"href":"https:\/\/capacitacaoeggp.vr.uff.br\/index.php?rest_route=\/wp\/v2\/pages"}],"about":[{"href":"https:\/\/capacitacaoeggp.vr.uff.br\/index.php?rest_route=\/wp\/v2\/types\/page"}],"author":[{"embeddable":true,"href":"https:\/\/capacitacaoeggp.vr.uff.br\/index.php?rest_route=\/wp\/v2\/users\/2"}],"replies":[{"embeddable":true,"href":"https:\/\/capacitacaoeggp.vr.uff.br\/index.php?rest_route=%2Fwp%2Fv2%2Fcomments&post=447"}],"version-history":[{"count":8,"href":"https:\/\/capacitacaoeggp.vr.uff.br\/index.php?rest_route=\/wp\/v2\/pages\/447\/revisions"}],"predecessor-version":[{"id":672,"href":"https:\/\/capacitacaoeggp.vr.uff.br\/index.php?rest_route=\/wp\/v2\/pages\/447\/revisions\/672"}],"up":[{"embeddable":true,"href":"https:\/\/capacitacaoeggp.vr.uff.br\/index.php?rest_route=\/wp\/v2\/pages\/323"}],"wp:featuredmedia":[{"embeddable":true,"href":"https:\/\/capacitacaoeggp.vr.uff.br\/index.php?rest_route=\/wp\/v2\/media\/659"}],"wp:attachment":[{"href":"https:\/\/capacitacaoeggp.vr.uff.br\/index.php?rest_route=%2Fwp%2Fv2%2Fmedia&parent=447"}],"curies":[{"name":"wp","href":"https:\/\/api.w.org\/{rel}","templated":true}]}}