{"id":473,"date":"2021-08-16T15:16:06","date_gmt":"2021-08-16T18:16:06","guid":{"rendered":"https:\/\/capacitacaoeggp.vr.uff.br\/?page_id=473"},"modified":"2021-09-18T11:26:59","modified_gmt":"2021-09-18T14:26:59","slug":"introducao-ao-ead-e-producao-de-conteudo-didatico","status":"publish","type":"page","link":"https:\/\/capacitacaoeggp.vr.uff.br\/?page_id=473","title":{"rendered":"Introdu\u00e7\u00e3o ao EAD e Produ\u00e7\u00e3o de Conte\u00fado Did\u00e1tico"},"content":{"rendered":"\n<section id=\"gmc1890e8\" class=\"wp-block-gutentor-m3 section-gmc1890e8 gutentor-module gutentor-container-cover\"><div class=\"grid-container\">\n<h2 class=\"has-text-align-center wp-block-heading\">Objetivo<\/h2>\n\n\n\n<div id=\"section-g05ca10\" class=\"wp-block-gutentor-e1 section-g05ca10 gutentor-element gutentor-element-advanced-text\"><div class=\"gutentor-text-wrap\"><p class=\"gutentor-text\">Desenvolver compet\u00eancias necess\u00e1rias para a elabora\u00e7\u00e3o de materiais did\u00e1ticos e a media\u00e7\u00e3o pedag\u00f3gica de situa\u00e7\u00f5es de aprendizagem na modalidade a dist\u00e2ncia e semipresencial, por meio de atividades te\u00f3ricas e pr\u00e1ticas. <\/p><\/div><\/div>\n\n\n\n<hr class=\"wp-block-separator is-style-wide\"\/>\n\n\n\n<h2 class=\"wp-block-heading\">Per\u00edodo<\/h2>\n\n\n\n<div id=\"section-g45cdd5\" class=\"wp-block-gutentor-e1 section-g45cdd5 gutentor-element gutentor-element-advanced-text\"><div class=\"gutentor-text-wrap\"><p class=\"gutentor-text\">Semestral<\/p><\/div><\/div>\n\n\n\n<hr class=\"wp-block-separator is-style-wide\"\/>\n\n\n\n<h2 class=\"wp-block-heading\">P\u00fablico Alvo<\/h2>\n\n\n\n<div id=\"section-g7408cf\" class=\"wp-block-gutentor-e1 section-g7408cf gutentor-element gutentor-element-advanced-text\"><div class=\"gutentor-text-wrap\"><p class=\"gutentor-text\">Docentes e servidores da UFF que atuam ou pretendem atuar como conteudistas, instrutores ou tutores em a\u00e7\u00f5es de educa\u00e7\u00e3o a dist\u00e2ncia.<\/p><\/div><\/div>\n\n\n\n<hr class=\"wp-block-separator is-style-wide\"\/>\n\n\n\n<h2 class=\"wp-block-heading\">Carga Hor\u00e1ria<\/h2>\n\n\n\n<div id=\"section-gacf152\" class=\"wp-block-gutentor-e1 section-gacf152 gutentor-element gutentor-element-advanced-text\"><div class=\"gutentor-text-wrap\"><p class=\"gutentor-text\">40h<\/p><\/div><\/div>\n\n\n\n<hr class=\"wp-block-separator is-style-wide\"\/>\n\n\n\n<h2 class=\"wp-block-heading\">Manifestar Interesse<\/h2>\n\n\n\n<div id=\"section-gaa2e7b\" class=\"wp-block-gutentor-e1 section-gaa2e7b gutentor-element gutentor-element-advanced-text\"><div class=\"gutentor-text-wrap\"><p class=\"gutentor-text\"><a href=\"https:\/\/forms.gle\/QgWCDQART23WkQkq9\" target=\"_blank\" aria-label=\" (opens in a new tab)\" rel=\"noreferrer noopener\" class=\"ek-link\">Preencher formul\u00e1rio<\/a><\/p><\/div><\/div>\n<\/div><\/section>\n","protected":false},"excerpt":{"rendered":"<p>coursedetail_tae<\/p>\n","protected":false},"author":2,"featured_media":607,"parent":106,"menu_order":0,"comment_status":"closed","ping_status":"closed","template":"","meta":{"_editorskit_title_hidden":false,"_editorskit_reading_time":1,"_editorskit_is_block_options_detached":false,"_editorskit_block_options_position":"{}","_monsterinsights_skip_tracking":false,"_monsterinsights_sitenote_active":false,"_monsterinsights_sitenote_note":"","_monsterinsights_sitenote_category":0},"_links":{"self":[{"href":"https:\/\/capacitacaoeggp.vr.uff.br\/index.php?rest_route=\/wp\/v2\/pages\/473"}],"collection":[{"href":"https:\/\/capacitacaoeggp.vr.uff.br\/index.php?rest_route=\/wp\/v2\/pages"}],"about":[{"href":"https:\/\/capacitacaoeggp.vr.uff.br\/index.php?rest_route=\/wp\/v2\/types\/page"}],"author":[{"embeddable":true,"href":"https:\/\/capacitacaoeggp.vr.uff.br\/index.php?rest_route=\/wp\/v2\/users\/2"}],"replies":[{"embeddable":true,"href":"https:\/\/capacitacaoeggp.vr.uff.br\/index.php?rest_route=%2Fwp%2Fv2%2Fcomments&post=473"}],"version-history":[{"count":2,"href":"https:\/\/capacitacaoeggp.vr.uff.br\/index.php?rest_route=\/wp\/v2\/pages\/473\/revisions"}],"predecessor-version":[{"id":608,"href":"https:\/\/capacitacaoeggp.vr.uff.br\/index.php?rest_route=\/wp\/v2\/pages\/473\/revisions\/608"}],"up":[{"embeddable":true,"href":"https:\/\/capacitacaoeggp.vr.uff.br\/index.php?rest_route=\/wp\/v2\/pages\/106"}],"wp:featuredmedia":[{"embeddable":true,"href":"https:\/\/capacitacaoeggp.vr.uff.br\/index.php?rest_route=\/wp\/v2\/media\/607"}],"wp:attachment":[{"href":"https:\/\/capacitacaoeggp.vr.uff.br\/index.php?rest_route=%2Fwp%2Fv2%2Fmedia&parent=473"}],"curies":[{"name":"wp","href":"https:\/\/api.w.org\/{rel}","templated":true}]}}

Introdução ao EAD e Produção de Conteúdo Didático

<section id="gmc1890e8" class="wp-block-gutentor-m3 section-gmc1890e8 gutentor-module gutentor-container-cover"><div class="grid-container">
<h2 class="has-text-align-center wp-block-heading">Objetivo</h2>



<div id="section-g05ca10" class="wp-block-gutentor-e1 section-g05ca10 gutentor-element gutentor-element-advanced-text"><div class="gutentor-text-wrap"><p class="gutentor-text">Desenvolver competências necessárias para a elaboração de materiais didáticos e a mediação pedagógica de situações de aprendizagem na modalidade a distância e semipresencial, por meio de atividades teóricas e práticas. </p></div></div>



<hr class="wp-block-separator is-style-wide"/>



<h2 class="wp-block-heading">Período</h2>



<div id="section-g45cdd5" class="wp-block-gutentor-e1 section-g45cdd5 gutentor-element gutentor-element-advanced-text"><div class="gutentor-text-wrap"><p class="gutentor-text">Semestral</p></div></div>



<hr class="wp-block-separator is-style-wide"/>



<h2 class="wp-block-heading">Público Alvo</h2>



<div id="section-g7408cf" class="wp-block-gutentor-e1 section-g7408cf gutentor-element gutentor-element-advanced-text"><div class="gutentor-text-wrap"><p class="gutentor-text">Docentes e servidores da UFF que atuam ou pretendem atuar como conteudistas, instrutores ou tutores em ações de educação a distância.</p></div></div>



<hr class="wp-block-separator is-style-wide"/>



<h2 class="wp-block-heading">Carga Horária</h2>



<div id="section-gacf152" class="wp-block-gutentor-e1 section-gacf152 gutentor-element gutentor-element-advanced-text"><div class="gutentor-text-wrap"><p class="gutentor-text">40h</p></div></div>



<hr class="wp-block-separator is-style-wide"/>



<h2 class="wp-block-heading">Manifestar Interesse</h2>



<div id="section-gaa2e7b" class="wp-block-gutentor-e1 section-gaa2e7b gutentor-element gutentor-element-advanced-text"><div class="gutentor-text-wrap"><p class="gutentor-text"><a href="https://forms.gle/QgWCDQART23WkQkq9" target="_blank" aria-label=" (opens in a new tab)" rel="noreferrer noopener" class="ek-link">Preencher formulário</a></p></div></div>
</div></section>
