{"id":481,"date":"2021-08-16T15:21:27","date_gmt":"2021-08-16T18:21:27","guid":{"rendered":"https:\/\/capacitacaoeggp.vr.uff.br\/?page_id=481"},"modified":"2023-02-01T10:33:19","modified_gmt":"2023-02-01T13:33:19","slug":"uso-do-sei-uff","status":"publish","type":"page","link":"https:\/\/capacitacaoeggp.vr.uff.br\/?page_id=481","title":{"rendered":"Uso do SEI &#8211; UFF"},"content":{"rendered":"\n<section id=\"gm9ac9ae9\" class=\"wp-block-gutentor-m3 section-gm9ac9ae9 gutentor-module gutentor-container-cover\"><div class=\"grid-container\">\n<h2 class=\"has-text-align-center wp-block-heading\" id=\"objetivo\">Objetivo<\/h2>\n\n\n\n<div id=\"section-g9be1fe\" class=\"wp-block-gutentor-e1 section-g9be1fe gutentor-element gutentor-element-advanced-text\"><div class=\"gutentor-text-wrap\"><p class=\"gutentor-text\">Capacitar os servidores da UFF no uso das principais funcionalidades do Sistema Eletr\u00f4nico de Informa\u00e7\u00f5es \u2013 SEI, com foco pr\u00e1tico, para que sejam capazes de utilizar o sistema e multiplicar o conhecimento adquirido aos demais colegas do setor.<\/p><\/div><\/div>\n\n\n\n<hr class=\"wp-block-separator is-style-wide\" \/>\n\n\n\n<h2 class=\"wp-block-heading\" id=\"periodo\">Per\u00edodo<\/h2>\n\n\n\n<div id=\"section-g3a40bd\" class=\"wp-block-gutentor-e1 section-g3a40bd gutentor-element gutentor-element-advanced-text\"><div class=\"gutentor-text-wrap\"><p class=\"gutentor-text\">Fluxo Cont\u00ednuo<\/p><\/div><\/div>\n\n\n\n<hr class=\"wp-block-separator is-style-wide\" \/>\n\n\n\n<h2 class=\"wp-block-heading\" id=\"publico-alvo\">P\u00fablico Alvo<\/h2>\n\n\n\n<div id=\"section-g7fe84d\" class=\"wp-block-gutentor-e1 section-g7fe84d gutentor-element gutentor-element-advanced-text\"><div class=\"gutentor-text-wrap\"><p class=\"gutentor-text\">Tecnico-administrativos e Docentes<\/p><\/div><\/div>\n\n\n\n<hr class=\"wp-block-separator is-style-wide\" \/>\n\n\n\n<h2 class=\"wp-block-heading\" id=\"carga-horaria\">Carga Hor\u00e1ria<\/h2>\n\n\n\n<div id=\"section-g6bf765\" class=\"wp-block-gutentor-e1 section-g6bf765 gutentor-element gutentor-element-advanced-text\"><div class=\"gutentor-text-wrap\"><p class=\"gutentor-text\">20h<\/p><\/div><\/div>\n\n\n\n<hr class=\"wp-block-separator is-style-wide\" \/>\n\n\n\n<h2 class=\"wp-block-heading\" id=\"manifestar-interesse\">Manifestar Interesse<\/h2>\n\n\n\n<div id=\"section-g2661e1\" class=\"wp-block-gutentor-e1 section-g2661e1 gutentor-element gutentor-element-advanced-text\"><div class=\"gutentor-text-wrap\"><p class=\"gutentor-text\"><a href=\"https:\/\/forms.gle\/QgWCDQART23WkQkq9\" target=\"_blank\" aria-label=\" (opens in a new tab)\" rel=\"noreferrer noopener\" class=\"ek-link\">Preencher formul\u00e1rio<\/a><\/p><\/div><\/div>\n<\/div><\/section>\n","protected":false},"excerpt":{"rendered":"<p>coursedetail_tae<\/p>\n","protected":false},"author":2,"featured_media":610,"parent":106,"menu_order":0,"comment_status":"closed","ping_status":"closed","template":"","meta":{"_editorskit_title_hidden":false,"_editorskit_reading_time":1,"_editorskit_is_block_options_detached":false,"_editorskit_block_options_position":"{}","_monsterinsights_skip_tracking":false,"_monsterinsights_sitenote_active":false,"_monsterinsights_sitenote_note":"","_monsterinsights_sitenote_category":0},"_links":{"self":[{"href":"https:\/\/capacitacaoeggp.vr.uff.br\/index.php?rest_route=\/wp\/v2\/pages\/481"}],"collection":[{"href":"https:\/\/capacitacaoeggp.vr.uff.br\/index.php?rest_route=\/wp\/v2\/pages"}],"about":[{"href":"https:\/\/capacitacaoeggp.vr.uff.br\/index.php?rest_route=\/wp\/v2\/types\/page"}],"author":[{"embeddable":true,"href":"https:\/\/capacitacaoeggp.vr.uff.br\/index.php?rest_route=\/wp\/v2\/users\/2"}],"replies":[{"embeddable":true,"href":"https:\/\/capacitacaoeggp.vr.uff.br\/index.php?rest_route=%2Fwp%2Fv2%2Fcomments&post=481"}],"version-history":[{"count":8,"href":"https:\/\/capacitacaoeggp.vr.uff.br\/index.php?rest_route=\/wp\/v2\/pages\/481\/revisions"}],"predecessor-version":[{"id":2123,"href":"https:\/\/capacitacaoeggp.vr.uff.br\/index.php?rest_route=\/wp\/v2\/pages\/481\/revisions\/2123"}],"up":[{"embeddable":true,"href":"https:\/\/capacitacaoeggp.vr.uff.br\/index.php?rest_route=\/wp\/v2\/pages\/106"}],"wp:featuredmedia":[{"embeddable":true,"href":"https:\/\/capacitacaoeggp.vr.uff.br\/index.php?rest_route=\/wp\/v2\/media\/610"}],"wp:attachment":[{"href":"https:\/\/capacitacaoeggp.vr.uff.br\/index.php?rest_route=%2Fwp%2Fv2%2Fmedia&parent=481"}],"curies":[{"name":"wp","href":"https:\/\/api.w.org\/{rel}","templated":true}]}}

<section id="gm9ac9ae9" class="wp-block-gutentor-m3 section-gm9ac9ae9 gutentor-module gutentor-container-cover"><div class="grid-container">
<h2 class="has-text-align-center wp-block-heading" id="objetivo">Objetivo</h2>



<div id="section-g9be1fe" class="wp-block-gutentor-e1 section-g9be1fe gutentor-element gutentor-element-advanced-text"><div class="gutentor-text-wrap"><p class="gutentor-text">Capacitar os servidores da UFF no uso das principais funcionalidades do Sistema Eletrônico de Informações – SEI, com foco prático, para que sejam capazes de utilizar o sistema e multiplicar o conhecimento adquirido aos demais colegas do setor.</p></div></div>



<hr class="wp-block-separator is-style-wide" />



<h2 class="wp-block-heading" id="periodo">Período</h2>



<div id="section-g3a40bd" class="wp-block-gutentor-e1 section-g3a40bd gutentor-element gutentor-element-advanced-text"><div class="gutentor-text-wrap"><p class="gutentor-text">Fluxo Contínuo</p></div></div>



<hr class="wp-block-separator is-style-wide" />



<h2 class="wp-block-heading" id="publico-alvo">Público Alvo</h2>



<div id="section-g7fe84d" class="wp-block-gutentor-e1 section-g7fe84d gutentor-element gutentor-element-advanced-text"><div class="gutentor-text-wrap"><p class="gutentor-text">Tecnico-administrativos e Docentes</p></div></div>



<hr class="wp-block-separator is-style-wide" />



<h2 class="wp-block-heading" id="carga-horaria">Carga Horária</h2>



<div id="section-g6bf765" class="wp-block-gutentor-e1 section-g6bf765 gutentor-element gutentor-element-advanced-text"><div class="gutentor-text-wrap"><p class="gutentor-text">20h</p></div></div>



<hr class="wp-block-separator is-style-wide" />



<h2 class="wp-block-heading" id="manifestar-interesse">Manifestar Interesse</h2>



<div id="section-g2661e1" class="wp-block-gutentor-e1 section-g2661e1 gutentor-element gutentor-element-advanced-text"><div class="gutentor-text-wrap"><p class="gutentor-text"><a href="https://forms.gle/QgWCDQART23WkQkq9" target="_blank" aria-label=" (opens in a new tab)" rel="noreferrer noopener" class="ek-link">Preencher formulário</a></p></div></div>
</div></section>
