{"id":86,"date":"2021-05-28T12:15:43","date_gmt":"2021-05-28T15:15:43","guid":{"rendered":"https:\/\/capacitacaoeggp.vr.uff.br\/?page_id=86"},"modified":"2026-05-04T12:38:31","modified_gmt":"2026-05-04T15:38:31","slug":"progressao-por-capacitacao","status":"publish","type":"page","link":"https:\/\/capacitacaoeggp.vr.uff.br\/?page_id=86","title":{"rendered":"Acelera\u00e7\u00e3o da Progress\u00e3o por Capacita\u00e7\u00e3o"},"content":{"rendered":"\n<section id=\"gmf9d998b\" class=\"wp-block-gutentor-m3 section-gmf9d998b gutentor-module gutentor-container-cover\"><div class=\"grid-container\">\n<h2 class=\"wp-block-heading\">Descri\u00e7\u00e3o do servi\u00e7o<\/h2>\n\n\n\n<p class=\"has-text-align-justify has-black-color has-text-color\" style=\"font-size:18px\">\u00c9 a an\u00e1lise de processo autuado por servidor t\u00e9cnico-administrativo em educa\u00e7\u00e3o, solicitando sua mudan\u00e7a de padr\u00e3o de vencimento, decorrente da obten\u00e7\u00e3o pelo servidor de certifica\u00e7\u00e3o em programa de capacita\u00e7\u00e3o, compat\u00edvel com o cargo ocupado ou ambiente organizacional, respeitado o interst\u00edcio de cinco anos de efetivo exerc\u00edcio e cumprida a carga hor\u00e1ria m\u00ednima em a\u00e7\u00f5es de desenvolvimento.<\/p>\n\n\n\n<p class=\"has-black-color has-text-color\" style=\"font-size:18px\">FAQ: &gt;&gt; <a rel=\"noreferrer noopener\" href=\"https:\/\/capacitacaoeggp.vr.uff.br\/wp-content\/uploads\/2025\/06\/FAQ-Aceleracao-da-Progressao-por-Capacitacao.pdf\" target=\"_blank\">Acelera\u00e7\u00e3o da Progress\u00e3o por Capacita\u00e7\u00e3o<\/a><\/p>\n\n\n\n<hr class=\"wp-block-separator has-css-opacity is-style-wide\" \/>\n\n\n\n<h2 class=\"wp-block-heading\">Quem pode utilizar este servi\u00e7o?<\/h2>\n\n\n\n<ul style=\"font-size:18px\">\n<li>T\u00e9cnico-administrativos<\/li>\n<\/ul>\n\n\n\n<hr class=\"wp-block-separator has-css-opacity is-style-wide\" \/>\n\n\n\n<h2 class=\"wp-block-heading\">Etapas para a realiza\u00e7\u00e3o do servi\u00e7o<\/h2>\n\n\n\n<p class=\"has-black-color has-text-color\" style=\"font-size:18px\"><a href=\"https:\/\/capacitacaoeggp.vr.uff.br\/wp-content\/uploads\/2025\/06\/Passo-a-passo-Aceleracao.pdf\" target=\"_blank\" aria-label=\"Passo a passo - Processo de Acelera\u00e7\u00e3o de Progress\u00e3o por Capacita\u00e7\u00e3o (opens in a new tab)\" rel=\"noreferrer noopener\" class=\"ek-link\">Passo a passo &#8211; Processo de Acelera\u00e7\u00e3o de Progress\u00e3o por Capacita\u00e7\u00e3o<\/a><\/p>\n\n\n\n<hr class=\"wp-block-separator has-css-opacity is-style-wide\" \/>\n\n\n\n<h2 class=\"wp-block-heading\">Dias e hor\u00e1rios de atendimento<\/h2>\n\n\n\n<p class=\"has-black-color has-text-color\" style=\"font-size:18px\">Segunda a sexta-feira, das 9 \u00e0s 17h, por email.<\/p>\n\n\n\n<hr class=\"wp-block-separator has-css-opacity is-style-wide\" \/>\n\n\n\n<h2 class=\"wp-block-heading\">Email do setor respons\u00e1vel pelo servi\u00e7o<\/h2>\n\n\n\n<p class=\"has-black-color has-text-color\" style=\"font-size:18px\"><a href=\"mailto:sant.dda.eggp@id.uff.br\" target=\"_blank\" aria-label=\"sant.dda.eggp@id.uff.br (opens in a new tab)\" rel=\"noreferrer noopener\" class=\"ek-link\">sant.dda.eggp@id.uff.br<\/a><\/p>\n\n\n\n<hr class=\"wp-block-separator has-css-opacity is-style-wide\" \/>\n\n\n\n<h2 class=\"wp-block-heading\">Base de Conhecimento<\/h2>\n\n\n\n<p class=\"has-black-color has-text-color\" style=\"font-size:18px\"><a href=\"https:\/\/capacitacaoeggp.vr.uff.br\/wp-content\/uploads\/2025\/06\/SEI-_-UFF-ACELERACAO-DA-PROGRESSAO-POR-CAPACITACAO-SERVIDOR-TECNICO-ADMINISTRATIVO-STI.pdf\" target=\"_blank\" aria-label=\"Base de Conhecimento SEI - Acelera\u00e7\u00e3o da Progress\u00e3o por Capacita\u00e7\u00e3o (opens in a new tab)\" rel=\"noreferrer noopener\" class=\"ek-link\">Base de Conhecimento SEI &#8211; Acelera\u00e7\u00e3o da Progress\u00e3o por Capacita\u00e7\u00e3o<\/a><a aria-label=\"Acelera\u00e7\u00e3o da Progress\u00e3o por Capacita\u00e7\u00e3o - Base SEI  (opens in a new tab)\" href=\"https:\/\/capacitacaoeggp.vr.uff.br\/wp-content\/uploads\/2025\/06\/SEI-_-UFF-ACELERACAO-DA-PROGRESSAO-POR-CAPACITACAO-SERVIDOR-TECNICO-ADMINISTRATIVO-STI.pdf\" target=\"_blank\" rel=\"noreferrer noopener\" class=\"ek-link\"> <\/a><\/p>\n\n\n\n<hr class=\"wp-block-separator has-css-opacity is-style-wide\" \/>\n\n\n\n<h2 class=\"wp-block-heading\">Legisla\u00e7\u00e3o associada a este servi\u00e7o<\/h2>\n\n\n\n<p class=\"has-black-color has-text-color\" style=\"font-size:18px\"><a aria-label=\" (opens in a new tab)\" href=\"https:\/\/capacitacaoeggp.vr.uff.br\/wp-content\/uploads\/2025\/06\/Instrucao-Normativa-Aceleracao-da-Progressao-por-Capacitacao.pdf\" target=\"_blank\" rel=\"noreferrer noopener\" class=\"ek-link\">Instru\u00e7\u00e3o Normativa GAR\/RET\/UFF n\u00ba 122, DE 10 DE JUNHO DE 2025 \u2013 Acelera\u00e7\u00e3o da Progress\u00e3o por Capacita\u00e7\u00e3o<\/a><\/p>\n<\/div><\/section>\n","protected":false},"excerpt":{"rendered":"","protected":false},"author":2,"featured_media":0,"parent":313,"menu_order":0,"comment_status":"closed","ping_status":"closed","template":"","meta":{"_editorskit_title_hidden":false,"_editorskit_reading_time":1,"_editorskit_is_block_options_detached":false,"_editorskit_block_options_position":"{}","_monsterinsights_skip_tracking":false,"_monsterinsights_sitenote_active":false,"_monsterinsights_sitenote_note":"","_monsterinsights_sitenote_category":0},"_links":{"self":[{"href":"https:\/\/capacitacaoeggp.vr.uff.br\/index.php?rest_route=\/wp\/v2\/pages\/86"}],"collection":[{"href":"https:\/\/capacitacaoeggp.vr.uff.br\/index.php?rest_route=\/wp\/v2\/pages"}],"about":[{"href":"https:\/\/capacitacaoeggp.vr.uff.br\/index.php?rest_route=\/wp\/v2\/types\/page"}],"author":[{"embeddable":true,"href":"https:\/\/capacitacaoeggp.vr.uff.br\/index.php?rest_route=\/wp\/v2\/users\/2"}],"replies":[{"embeddable":true,"href":"https:\/\/capacitacaoeggp.vr.uff.br\/index.php?rest_route=%2Fwp%2Fv2%2Fcomments&post=86"}],"version-history":[{"count":21,"href":"https:\/\/capacitacaoeggp.vr.uff.br\/index.php?rest_route=\/wp\/v2\/pages\/86\/revisions"}],"predecessor-version":[{"id":3749,"href":"https:\/\/capacitacaoeggp.vr.uff.br\/index.php?rest_route=\/wp\/v2\/pages\/86\/revisions\/3749"}],"up":[{"embeddable":true,"href":"https:\/\/capacitacaoeggp.vr.uff.br\/index.php?rest_route=\/wp\/v2\/pages\/313"}],"wp:attachment":[{"href":"https:\/\/capacitacaoeggp.vr.uff.br\/index.php?rest_route=%2Fwp%2Fv2%2Fmedia&parent=86"}],"curies":[{"name":"wp","href":"https:\/\/api.w.org\/{rel}","templated":true}]}}