{"id":883,"date":"2021-10-13T16:40:43","date_gmt":"2021-10-13T19:40:43","guid":{"rendered":"https:\/\/capacitacaoeggp.vr.uff.br\/?page_id=883"},"modified":"2023-07-12T15:28:45","modified_gmt":"2023-07-12T18:28:45","slug":"seminario-cientifico","status":"publish","type":"page","link":"https:\/\/capacitacaoeggp.vr.uff.br\/?page_id=883","title":{"rendered":"Semin\u00e1rio Cient\u00edfico II"},"content":{"rendered":"\n<p class=\"has-text-align-justify has-black-color has-text-color\">Promovido pela EGGP\/Progepe, o evento tem por objetivo dar visibilidade ao conhecimento t\u00e9cnico-cient\u00edfico e \u00e0s experi\u00eancias profissionais e sociais produzidas pelos servidores relativos \u00e0 gest\u00e3o p\u00fablica, ao ensino, \u00e0 pesquisa e \u00e0 extens\u00e3o. A iniciativa faz parte das atividades da Semana do Servidor P\u00fablico de 2021.<\/p>\n\n\n\n<hr class=\"wp-block-separator has-alpha-channel-opacity is-style-wide\" \/>\n\n\n\n<h2 class=\"wp-block-heading has-text-align-center\" id=\"data-de-realizacao\">Data de realiza\u00e7\u00e3o<\/h2>\n\n\n\n<p class=\"has-text-align-center has-black-color has-text-color\">26 de Outubro de 2021<\/p>\n\n\n\n<hr class=\"wp-block-separator has-alpha-channel-opacity\" \/>\n\n\n\n<h2 class=\"wp-block-heading has-text-align-center\">Localiza\u00e7\u00e3o<\/h2>\n\n\n\n<p class=\"has-text-align-center has-black-color has-text-color\">Evento totalmente online.<\/p>\n\n\n\n<hr class=\"wp-block-separator has-alpha-channel-opacity\" \/>\n\n\n\n<h2 class=\"wp-block-heading has-text-align-center\" id=\"programacao\">Programa\u00e7\u00e3o<\/h2>\n\n\n\n<p class=\"has-text-align-center has-black-color has-text-color\">Mesa de Abertura: 9h30 &#8211; 10h<\/p>\n\n\n\n<p class=\"has-text-align-center has-black-color has-text-color\">Palestras e Debates: 10h &#8211; 11h<\/p>\n\n\n\n<p class=\"has-text-align-center has-black-color has-text-color\">Mesas de apresenta\u00e7\u00e3o de trabalhos: 13h &#8211; 15h e 15h &#8211; 17h<\/p>\n\n\n\n<hr class=\"wp-block-separator has-alpha-channel-opacity\" \/>\n\n\n\n<h2 class=\"wp-block-heading has-text-align-center\" id=\"areas-tematicas\">\u00c1reas Tem\u00e1ticas<\/h2>\n\n\n\n<p class=\"has-text-align-center has-black-color has-text-color\">Ensino, Pesquisa e Extens\u00e3o<\/p>\n\n\n\n<p class=\"has-text-align-center has-black-color has-text-color\">Gest\u00e3o e Trabalho em Sa\u00fade<\/p>\n\n\n\n<p class=\"has-text-align-center has-black-color has-text-color\">Gest\u00e3o P\u00fablica e Inova\u00e7\u00e3o<\/p>\n\n\n\n<p class=\"has-text-align-center has-black-color has-text-color\">Inclus\u00e3o, Diversidade e Direitos Humanos<\/p>\n\n\n\n<p class=\"has-text-align-center has-black-color has-text-color\">Pol\u00edtica P\u00fablica e Educa\u00e7\u00e3o<\/p>\n\n\n\n<hr class=\"wp-block-separator has-alpha-channel-opacity\" \/>\n\n\n\n<h2 class=\"wp-block-heading has-text-align-center\" id=\"inscricoes-encerradas\">Inscri\u00e7\u00f5es encerradas!<\/h2>\n\n\n\n<hr class=\"wp-block-separator has-css-opacity is-style-wide\" \/>\n\n\n\n<p class=\"has-text-align-center has-medium-font-size\"><a href=\"https:\/\/capacitacaoeggp.vr.uff.br\/wp-content\/uploads\/2022\/03\/Anais-II-SecienUFF-2021.pdf\" target=\"_blank\" aria-label=\" (opens in a new tab)\" rel=\"noreferrer noopener\" class=\"ek-link\">ACESSE AQUI OS ANAIS DO II SEMIN\u00c1RIO<\/a><\/p>\n\n\n\n<p class=\"has-medium-font-size\"><br><br><\/p>\n","protected":false},"excerpt":{"rendered":"<p>Promovido pela EGGP\/Progepe, o evento tem por objetivo dar visibilidade ao conhecimento t\u00e9cnico-cient\u00edfico e \u00e0s experi\u00eancias profissionais e sociais produzidas pelos servidores relativos \u00e0 gest\u00e3o p\u00fablica, ao ensino, \u00e0 pesquisa e \u00e0 extens\u00e3o. A iniciativa faz parte das atividades da Semana do Servidor P\u00fablico de 2021. Data de realiza\u00e7\u00e3o 26 de Outubro de 2021 Localiza\u00e7\u00e3o&hellip;<\/p>\n","protected":false},"author":2,"featured_media":0,"parent":0,"menu_order":0,"comment_status":"closed","ping_status":"closed","template":"","meta":{"_editorskit_title_hidden":false,"_editorskit_reading_time":1,"_editorskit_is_block_options_detached":false,"_editorskit_block_options_position":"{}","_monsterinsights_skip_tracking":false,"_monsterinsights_sitenote_active":false,"_monsterinsights_sitenote_note":"","_monsterinsights_sitenote_category":0},"_links":{"self":[{"href":"https:\/\/capacitacaoeggp.vr.uff.br\/index.php?rest_route=\/wp\/v2\/pages\/883"}],"collection":[{"href":"https:\/\/capacitacaoeggp.vr.uff.br\/index.php?rest_route=\/wp\/v2\/pages"}],"about":[{"href":"https:\/\/capacitacaoeggp.vr.uff.br\/index.php?rest_route=\/wp\/v2\/types\/page"}],"author":[{"embeddable":true,"href":"https:\/\/capacitacaoeggp.vr.uff.br\/index.php?rest_route=\/wp\/v2\/users\/2"}],"replies":[{"embeddable":true,"href":"https:\/\/capacitacaoeggp.vr.uff.br\/index.php?rest_route=%2Fwp%2Fv2%2Fcomments&post=883"}],"version-history":[{"count":10,"href":"https:\/\/capacitacaoeggp.vr.uff.br\/index.php?rest_route=\/wp\/v2\/pages\/883\/revisions"}],"predecessor-version":[{"id":2482,"href":"https:\/\/capacitacaoeggp.vr.uff.br\/index.php?rest_route=\/wp\/v2\/pages\/883\/revisions\/2482"}],"wp:attachment":[{"href":"https:\/\/capacitacaoeggp.vr.uff.br\/index.php?rest_route=%2Fwp%2Fv2%2Fmedia&parent=883"}],"curies":[{"name":"wp","href":"https:\/\/api.w.org\/{rel}","templated":true}]}}

Seminário Científico II

<p class="has-text-align-justify has-black-color has-text-color">Promovido pela EGGP/Progepe, o evento tem por objetivo dar visibilidade ao conhecimento técnico-científico e às experiências profissionais e sociais produzidas pelos servidores relativos à gestão pública, ao ensino, à pesquisa e à extensão. A iniciativa faz parte das atividades da Semana do Servidor Público de 2021.</p>



<hr class="wp-block-separator has-alpha-channel-opacity is-style-wide" />



<h2 class="wp-block-heading has-text-align-center" id="data-de-realizacao">Data de realização</h2>



<p class="has-text-align-center has-black-color has-text-color">26 de Outubro de 2021</p>



<hr class="wp-block-separator has-alpha-channel-opacity" />



<h2 class="wp-block-heading has-text-align-center">Localização</h2>



<p class="has-text-align-center has-black-color has-text-color">Evento totalmente online.</p>



<hr class="wp-block-separator has-alpha-channel-opacity" />



<h2 class="wp-block-heading has-text-align-center" id="programacao">Programação</h2>



<p class="has-text-align-center has-black-color has-text-color">Mesa de Abertura: 9h30 &#8211; 10h</p>



<p class="has-text-align-center has-black-color has-text-color">Palestras e Debates: 10h &#8211; 11h</p>



<p class="has-text-align-center has-black-color has-text-color">Mesas de apresentação de trabalhos: 13h &#8211; 15h e 15h &#8211; 17h</p>



<hr class="wp-block-separator has-alpha-channel-opacity" />



<h2 class="wp-block-heading has-text-align-center" id="areas-tematicas">Áreas Temáticas</h2>



<p class="has-text-align-center has-black-color has-text-color">Ensino, Pesquisa e Extensão</p>



<p class="has-text-align-center has-black-color has-text-color">Gestão e Trabalho em Saúde</p>



<p class="has-text-align-center has-black-color has-text-color">Gestão Pública e Inovação</p>



<p class="has-text-align-center has-black-color has-text-color">Inclusão, Diversidade e Direitos Humanos</p>



<p class="has-text-align-center has-black-color has-text-color">Política Pública e Educação</p>



<hr class="wp-block-separator has-alpha-channel-opacity" />



<h2 class="wp-block-heading has-text-align-center" id="inscricoes-encerradas">Inscrições encerradas!</h2>



<hr class="wp-block-separator has-css-opacity is-style-wide" />



<p class="has-text-align-center has-medium-font-size"><a href="https://capacitacaoeggp.vr.uff.br/wp-content/uploads/2022/03/Anais-II-SecienUFF-2021.pdf" target="_blank" aria-label=" (opens in a new tab)" rel="noreferrer noopener" class="ek-link">ACESSE AQUI OS ANAIS DO II SEMINÁRIO</a></p>



<p class="has-medium-font-size"><br><br></p>

<p>Promovido pela EGGP/Progepe, o evento tem por objetivo dar visibilidade ao conhecimento técnico-científico e às experiências profissionais e sociais produzidas pelos servidores relativos à gestão pública, ao ensino, à pesquisa e à extensão. A iniciativa faz parte das atividades da Semana do Servidor Público de 2021. Data de realização 26 de Outubro de 2021 Localização&hellip;</p>
