{"id":898,"date":"2021-10-14T14:12:47","date_gmt":"2021-10-14T17:12:47","guid":{"rendered":"https:\/\/capacitacaoeggp.vr.uff.br\/?page_id=898"},"modified":"2023-07-12T15:25:28","modified_gmt":"2023-07-12T18:25:28","slug":"seminario-cientifico-i","status":"publish","type":"page","link":"https:\/\/capacitacaoeggp.vr.uff.br\/?page_id=898","title":{"rendered":"Semin\u00e1rio Cient\u00edfico I"},"content":{"rendered":"\n<p class=\"has-text-align-justify has-black-color has-text-color\">Promovido pela EGGP\/Progepe, o evento tem por objetivo dar visibilidade ao conhecimento t\u00e9cnico-cient\u00edfico e \u00e0s experi\u00eancias profissionais e sociais produzidas pelos servidores relativos \u00e0 gest\u00e3o p\u00fablica, ao ensino, \u00e0 pesquisa e \u00e0 extens\u00e3o. A iniciativa fez parte das atividades da Semana do Servidor P\u00fablico de 2019.<\/p>\n\n\n\n<hr class=\"wp-block-separator has-alpha-channel-opacity is-style-wide\" \/>\n\n\n\n<h2 class=\"wp-block-heading has-text-align-center\" id=\"data-de-realizacao\">Data de realiza\u00e7\u00e3o<\/h2>\n\n\n\n<p class=\"has-text-align-center has-black-color has-text-color\">30 de Outubro de 2019<\/p>\n\n\n\n<hr class=\"wp-block-separator has-alpha-channel-opacity\" \/>\n\n\n\n<h2 class=\"wp-block-heading has-text-align-center\">Localiza\u00e7\u00e3o<\/h2>\n\n\n\n<p class=\"has-text-align-center has-black-color has-text-color\">Campus do Gragoat\u00e1 &#8211; UFF<\/p>\n\n\n\n<hr class=\"wp-block-separator has-alpha-channel-opacity\" \/>\n\n\n\n<h2 class=\"wp-block-heading has-text-align-center\" id=\"programacao\">Programa\u00e7\u00e3o<\/h2>\n\n\n\n<p class=\"has-text-align-center has-black-color has-text-color\">Credenciamento: 8h &#8211; 9h<\/p>\n\n\n\n<p class=\"has-text-align-center has-black-color has-text-color\">Mesa de Abertura: 9h \u2013 10h<\/p>\n\n\n\n<p class=\"has-text-align-center has-black-color has-text-color\">Palestras e Debates: 10h \u2013 12h<\/p>\n\n\n\n<p class=\"has-text-align-center has-black-color has-text-color\">Mesas de apresenta\u00e7\u00e3o de trabalhos: 13h \u2013 15h e 15h30min \u2013 18h<\/p>\n\n\n\n<hr class=\"wp-block-separator has-alpha-channel-opacity\" \/>\n\n\n\n<h2 class=\"wp-block-heading has-text-align-center\" id=\"areas-tematicas\">\u00c1reas Tem\u00e1ticas<\/h2>\n\n\n\n<p class=\"has-text-align-center has-black-color has-text-color\">Gest\u00e3o P\u00fablica e Ensino Superior<\/p>\n\n\n\n<p class=\"has-text-align-center has-black-color has-text-color\">Ensino, Pesquisa e Extens\u00e3o<\/p>\n\n\n\n<p class=\"has-text-align-center has-black-color has-text-color\">Gest\u00e3o e Trabalho em Sa\u00fade<\/p>\n\n\n\n<p class=\"has-text-align-center has-black-color has-text-color\">Inclus\u00e3o, Diversidade e Direitos Humanos<\/p>\n\n\n\n<hr class=\"wp-block-separator has-alpha-channel-opacity\" \/>\n\n\n\n<h2 class=\"wp-block-heading has-text-align-center\" id=\"inscricoes-encerradas\">Inscri\u00e7\u00f5es encerradas!<\/h2>\n\n\n\n<hr class=\"wp-block-separator has-alpha-channel-opacity is-style-wide\" \/>\n\n\n\n<p class=\"has-text-align-center\"><a href=\"https:\/\/capacitacaoeggp.vr.uff.br\/wp-content\/uploads\/2023\/07\/anais_secienuff_2019_0.pdf\" target=\"_blank\" aria-label=\"ACESSE AQUI OS ANAIS DO I SEMIN\u00c1RIO (opens in a new tab)\" rel=\"noreferrer noopener\" class=\"ek-link\">ACESSE AQUI OS ANAIS DO I SEMIN\u00c1RIO<\/a><\/p>\n","protected":false},"excerpt":{"rendered":"<p>Promovido pela EGGP\/Progepe, o evento tem por objetivo dar visibilidade ao conhecimento t\u00e9cnico-cient\u00edfico e \u00e0s experi\u00eancias profissionais e sociais produzidas pelos servidores relativos \u00e0 gest\u00e3o p\u00fablica, ao ensino, \u00e0 pesquisa e \u00e0 extens\u00e3o. A iniciativa fez parte das atividades da Semana do Servidor P\u00fablico de 2019. Data de realiza\u00e7\u00e3o 30 de Outubro de 2019 Localiza\u00e7\u00e3o&hellip;<\/p>\n","protected":false},"author":6,"featured_media":0,"parent":0,"menu_order":0,"comment_status":"closed","ping_status":"closed","template":"","meta":{"_editorskit_title_hidden":false,"_editorskit_reading_time":0,"_editorskit_is_block_options_detached":false,"_editorskit_block_options_position":"{}","_monsterinsights_skip_tracking":false,"_monsterinsights_sitenote_active":false,"_monsterinsights_sitenote_note":"","_monsterinsights_sitenote_category":0},"_links":{"self":[{"href":"https:\/\/capacitacaoeggp.vr.uff.br\/index.php?rest_route=\/wp\/v2\/pages\/898"}],"collection":[{"href":"https:\/\/capacitacaoeggp.vr.uff.br\/index.php?rest_route=\/wp\/v2\/pages"}],"about":[{"href":"https:\/\/capacitacaoeggp.vr.uff.br\/index.php?rest_route=\/wp\/v2\/types\/page"}],"author":[{"embeddable":true,"href":"https:\/\/capacitacaoeggp.vr.uff.br\/index.php?rest_route=\/wp\/v2\/users\/6"}],"replies":[{"embeddable":true,"href":"https:\/\/capacitacaoeggp.vr.uff.br\/index.php?rest_route=%2Fwp%2Fv2%2Fcomments&post=898"}],"version-history":[{"count":6,"href":"https:\/\/capacitacaoeggp.vr.uff.br\/index.php?rest_route=\/wp\/v2\/pages\/898\/revisions"}],"predecessor-version":[{"id":2479,"href":"https:\/\/capacitacaoeggp.vr.uff.br\/index.php?rest_route=\/wp\/v2\/pages\/898\/revisions\/2479"}],"wp:attachment":[{"href":"https:\/\/capacitacaoeggp.vr.uff.br\/index.php?rest_route=%2Fwp%2Fv2%2Fmedia&parent=898"}],"curies":[{"name":"wp","href":"https:\/\/api.w.org\/{rel}","templated":true}]}}

Seminário Científico I

<p class="has-text-align-justify has-black-color has-text-color">Promovido pela EGGP/Progepe, o evento tem por objetivo dar visibilidade ao conhecimento técnico-científico e às experiências profissionais e sociais produzidas pelos servidores relativos à gestão pública, ao ensino, à pesquisa e à extensão. A iniciativa fez parte das atividades da Semana do Servidor Público de 2019.</p>



<hr class="wp-block-separator has-alpha-channel-opacity is-style-wide" />



<h2 class="wp-block-heading has-text-align-center" id="data-de-realizacao">Data de realização</h2>



<p class="has-text-align-center has-black-color has-text-color">30 de Outubro de 2019</p>



<hr class="wp-block-separator has-alpha-channel-opacity" />



<h2 class="wp-block-heading has-text-align-center">Localização</h2>



<p class="has-text-align-center has-black-color has-text-color">Campus do Gragoatá &#8211; UFF</p>



<hr class="wp-block-separator has-alpha-channel-opacity" />



<h2 class="wp-block-heading has-text-align-center" id="programacao">Programação</h2>



<p class="has-text-align-center has-black-color has-text-color">Credenciamento: 8h &#8211; 9h</p>



<p class="has-text-align-center has-black-color has-text-color">Mesa de Abertura: 9h – 10h</p>



<p class="has-text-align-center has-black-color has-text-color">Palestras e Debates: 10h – 12h</p>



<p class="has-text-align-center has-black-color has-text-color">Mesas de apresentação de trabalhos: 13h – 15h e 15h30min – 18h</p>



<hr class="wp-block-separator has-alpha-channel-opacity" />



<h2 class="wp-block-heading has-text-align-center" id="areas-tematicas">Áreas Temáticas</h2>



<p class="has-text-align-center has-black-color has-text-color">Gestão Pública e Ensino Superior</p>



<p class="has-text-align-center has-black-color has-text-color">Ensino, Pesquisa e Extensão</p>



<p class="has-text-align-center has-black-color has-text-color">Gestão e Trabalho em Saúde</p>



<p class="has-text-align-center has-black-color has-text-color">Inclusão, Diversidade e Direitos Humanos</p>



<hr class="wp-block-separator has-alpha-channel-opacity" />



<h2 class="wp-block-heading has-text-align-center" id="inscricoes-encerradas">Inscrições encerradas!</h2>



<hr class="wp-block-separator has-alpha-channel-opacity is-style-wide" />



<p class="has-text-align-center"><a href="https://capacitacaoeggp.vr.uff.br/wp-content/uploads/2023/07/anais_secienuff_2019_0.pdf" target="_blank" aria-label="ACESSE AQUI OS ANAIS DO I SEMINÁRIO (opens in a new tab)" rel="noreferrer noopener" class="ek-link">ACESSE AQUI OS ANAIS DO I SEMINÁRIO</a></p>

<p>Promovido pela EGGP/Progepe, o evento tem por objetivo dar visibilidade ao conhecimento técnico-científico e às experiências profissionais e sociais produzidas pelos servidores relativos à gestão pública, ao ensino, à pesquisa e à extensão. A iniciativa fez parte das atividades da Semana do Servidor Público de 2019. Data de realização 30 de Outubro de 2019 Localização&hellip;</p>
