{"id":92,"date":"2021-05-28T12:16:44","date_gmt":"2021-05-28T15:16:44","guid":{"rendered":"https:\/\/capacitacaoeggp.vr.uff.br\/?page_id=92"},"modified":"2026-04-10T09:44:44","modified_gmt":"2026-04-10T12:44:44","slug":"gratuidade-em-curso-de-pos","status":"publish","type":"page","link":"https:\/\/capacitacaoeggp.vr.uff.br\/?page_id=92","title":{"rendered":"Gratuidade em Cursos de P\u00f3s-Gradua\u00e7\u00e3o"},"content":{"rendered":"\n<section id=\"gm1fff809\" class=\"wp-block-gutentor-m3 section-gm1fff809 gutentor-module gutentor-container-cover\"><div class=\"grid-container\">\n<h2 class=\"wp-block-heading\" id=\"saiba-mais-sobre\">Saiba mais sobre<\/h2>\n\n\n\n<p class=\"has-black-color has-text-color\" style=\"font-size:18px\">\u00c9 a an\u00e1lise de processo autuado por servidores t\u00e9cnico-administrativos ou docentes solicitando participa\u00e7\u00e3o na reserva de 10% de vagas com gratuidades a servidores da UFF em cursos de p\u00f3s-gradua\u00e7\u00e3o da institui\u00e7\u00e3o que oferecem turmas pagas, lato sensu (especializa\u00e7\u00e3o\/MBA) ou stricto sensu (mestrado profissional), desde que aprovados e classificados no processo seletivo.<\/p>\n\n\n\n<h2 class=\"wp-block-heading\" id=\"descricao-completa-do-servico\">Descri\u00e7\u00e3o completa do servi\u00e7o<\/h2>\n\n\n\n<p class=\"has-black-color has-text-color\" style=\"font-size:18px\">Os cursos de p\u00f3s-gradua\u00e7\u00e3o da UFF que oferecem turmas pagas, lato sensu (especializa\u00e7\u00e3o\/MBA) ou stricto sensu (mestrado profissional), reservam 10% de vagas com gratuidades a servidores da UFF, desde que aprovados e classificados no processo seletivo, conforme previs\u00e3o nas Resolu\u00e7\u00f5es CUV\/UFF 155\/2008 e CEP\/UFF 150\/2010 em anexo. O servidor dever\u00e1 se inscrever junto \u00e0 coordena\u00e7\u00e3o do curso desejado, conforme os procedimentos previstos no edital ao qual deseja concorrer, e, paralelamente, autuar solicita\u00e7\u00e3o da sua participa\u00e7\u00e3o na concorr\u00eancia ao percentual da gratuidade. O processo dever\u00e1 conter o formul\u00e1rio pr\u00f3prio, devidamente preenchido, com todas as assinaturas, e uma c\u00f3pia do edital.<\/p>\n\n\n\n<p class=\"has-black-color has-text-color\" style=\"font-size:18px\">Link para o Manual de Apoio para abertura de processos no SEI: <a href=\"https:\/\/www.uff.br\/processo\/isencao-de-taxa-e-gratuidade-em-cursos-de-pos-graduacao-pagos-na-uff\/\" target=\"_blank\" aria-label=\"https:\/\/www.uff.br\/?q=processo\/isencao-de-taxa-e-gratuidade-em-cursos-de-pos-graduacao-pagos-na-uff (opens in a new tab)\" rel=\"noreferrer noopener\" class=\"ek-link\">https:\/\/www.uff.br\/?q=processo\/isencao-de-taxa-e-gratuidade-em-cursos-de-pos-graduacao-pagos-na-uff<\/a><\/p>\n\n\n\n<hr class=\"wp-block-separator has-css-opacity is-style-wide\" \/>\n\n\n\n<h2 class=\"wp-block-heading\" id=\"quem-pode-utilizar-este-servico\">Quem pode utilizar este servi\u00e7o?<\/h2>\n\n\n\n<ul style=\"font-size:18px\">\n<li>T\u00e9cnico-administrativos<\/li>\n\n\n\n<li>Docentes<\/li>\n<\/ul>\n\n\n\n<hr class=\"wp-block-separator has-css-opacity is-style-wide\" \/>\n\n\n\n<h2 class=\"wp-block-heading\" id=\"etapas-para-a-realizacao-do-servico\">Etapas para a realiza\u00e7\u00e3o do servi\u00e7o<\/h2>\n\n\n\n<p class=\"has-black-color has-text-color\" style=\"font-size:18px\">Conforme manual dispon\u00edvel em: <a href=\"https:\/\/www.uff.br\/processo\/isencao-de-taxa-e-gratuidade-em-cursos-de-pos-graduacao-pagos-na-uff\/\" target=\"_blank\" aria-label=\" (opens in a new tab)\" rel=\"noreferrer noopener\" class=\"ek-link\">https:\/\/www.uff.br\/?q=processo\/isencao-de-taxa-e-gratuidade-em-cursos-de-pos-graduacao-pagos-na-uff<\/a><\/p>\n\n\n\n<hr class=\"wp-block-separator has-css-opacity is-style-wide\" \/>\n\n\n\n<h2 class=\"wp-block-heading\" id=\"dias-e-horarios-de-atendimento\">Dias e hor\u00e1rios de atendimento<\/h2>\n\n\n\n<p class=\"has-black-color has-text-color\" style=\"font-size:18px\">Segunda a sexta-feira, das 9 \u00e0s 17h, por email.<\/p>\n\n\n\n<hr class=\"wp-block-separator has-css-opacity is-style-wide\" \/>\n\n\n\n<h2 class=\"wp-block-heading\" id=\"email-do-setor-responsavel-pelo-servico\">Email do setor respons\u00e1vel pelo servi\u00e7o<\/h2>\n\n\n\n<p class=\"has-black-color has-text-color\" style=\"font-size:18px\"><a href=\"mailto:sant.dda.eggp@id.uff.br\" target=\"_blank\" aria-label=\"sant.dda.eggp@id.uff.br (opens in a new tab)\" rel=\"noreferrer noopener\" class=\"ek-link\">sant.dda.eggp@id.uff.br<\/a><\/p>\n\n\n\n<hr class=\"wp-block-separator has-text-color has-black-color has-css-opacity has-black-background-color has-background is-style-wide\" \/>\n\n\n\n<h2 class=\"wp-block-heading\" id=\"base-de-conhecimento\">Base de Conhecimento<\/h2>\n\n\n\n<p class=\"has-black-color has-text-color\" style=\"font-size:18px\"><a href=\"https:\/\/www.uff.br\/wp-content\/uploads\/2024\/08\/sei_uff_-_isencao_de_taxa_e_gratuidade_em_cursos_de_pos-graduacao_pagos_na_uff_-_sti_mar23.pdf\" target=\"_blank\" aria-label=\" (opens in a new tab)\" rel=\"noreferrer noopener\" class=\"ek-link\">Isen\u00e7\u00e3o de taxa e gratuidade em cursos de p\u00f3s-gradua\u00e7\u00e3o pagos na UFF<\/a><\/p>\n\n\n\n<hr class=\"wp-block-separator has-css-opacity is-style-wide\" \/>\n\n\n\n<h2 class=\"wp-block-heading\" id=\"legislacao-associada-a-este-servico\">Legisla\u00e7\u00e3o associada a este servi\u00e7o<\/h2>\n\n\n\n<p class=\"has-black-color has-text-color\" style=\"font-size:18px\"><a aria-label=\"Resolu\u00e7\u00e3o CUV\/UFF 155\/2008 (opens in a new tab)\" href=\"http:\/\/www.conselhos.uff.br\/cuv\/resolucoes\/2008\/155-2008.pdf\" target=\"_blank\" rel=\"noreferrer noopener\" class=\"ek-link\">Resolu\u00e7\u00e3o CUV\/UFF 155\/2008<\/a><\/p>\n\n\n\n<p class=\"has-black-color has-text-color\" style=\"font-size:18px\"><a aria-label=\"Resolu\u00e7\u00e3o n\u00ba 150\/2010 (opens in a new tab)\" href=\"https:\/\/www.uff.br\/wp-content\/uploads\/2023\/12\/resolucao_150-2010_1.pdf\" target=\"_blank\" rel=\"noreferrer noopener\" class=\"ek-link\"><s>Resolu\u00e7\u00e3o n\u00ba 150\/2010<\/s><\/a> (Revogada)<\/p>\n\n\n\n<p class=\"has-black-color has-text-color\" style=\"font-size:18px\"><a aria-label=\"Resolu\u00e7\u00e3o CEPEx UFF 838\/2022  (opens in a new tab)\" href=\"https:\/\/capacitacaoeggp.vr.uff.br\/wp-content\/uploads\/2022\/08\/RESOLUCAO-CEPExUFF-No-838-DE-30-DE-MARCO-DE-2022.pdf\" target=\"_blank\" rel=\"noreferrer noopener\" class=\"ek-link\">Resolu\u00e7\u00e3o CEPEx UFF 838\/2022<\/a><\/p>\n\n\n\n<p class=\"has-black-color has-text-color\" style=\"font-size:18px\"><a aria-label=\"Regulamento Geral dos Cursos de P\u00f3s-Gradua\u00e7\u00e3o lato sensu da UFF (opens in a new tab)\" href=\"http:\/\/mba.uff.br\/wp-content\/uploads\/sites\/269\/2020\/10\/157-2020-Crite%CC%81rios-para-planejamento-e-execuc%CC%A7a%CC%83o-das-Atividades-Acade%CC%82micas-do-cursos-de-Po%CC%81s-Graduac%CC%A7a%CC%83o-no-peri%CC%81odo-da-pandemia.pdf\" target=\"_blank\" rel=\"noreferrer noopener\" class=\"ek-link\">Regulamento Geral dos Cursos de P\u00f3s-Gradua\u00e7\u00e3o lato sensu da UFF<\/a><\/p>\n\n\n\n<p class=\"has-black-color has-text-color\" style=\"font-size:18px\"><\/p>\n\n\n\n<p><\/p>\n<\/div><\/section>\n\n\n\n<hr class=\"wp-block-separator has-css-opacity is-style-wide\" \/>\n\n\n\n<p class=\"has-text-align-center has-black-color has-text-color\" style=\"font-size:22px\"><strong>Confira aqui alguns cursos com inscri\u00e7\u00f5es abertas:<\/strong><\/p>\n\n\n\n<p class=\"has-text-align-center\" style=\"font-size:18px\">&gt;&gt; <a href=\"https:\/\/capacitacaoeggp.vr.uff.br\/?page_id=1267\" target=\"_blank\" aria-label=\"P\u00f3s-gradua\u00e7\u00e3o Lato Sensu (opens in a new tab)\" rel=\"noreferrer noopener\" class=\"ek-link\">P\u00f3s-gradua\u00e7\u00e3o Lato Sensu<\/a><\/p>\n","protected":false},"excerpt":{"rendered":"<p>Confira aqui alguns cursos com inscri\u00e7\u00f5es abertas: &gt;&gt; P\u00f3s-gradua\u00e7\u00e3o Lato Sensu<\/p>\n","protected":false},"author":2,"featured_media":0,"parent":315,"menu_order":0,"comment_status":"closed","ping_status":"closed","template":"","meta":{"_editorskit_title_hidden":false,"_editorskit_reading_time":1,"_editorskit_is_block_options_detached":false,"_editorskit_block_options_position":"{}","_monsterinsights_skip_tracking":false,"_monsterinsights_sitenote_active":false,"_monsterinsights_sitenote_note":"","_monsterinsights_sitenote_category":0},"_links":{"self":[{"href":"https:\/\/capacitacaoeggp.vr.uff.br\/index.php?rest_route=\/wp\/v2\/pages\/92"}],"collection":[{"href":"https:\/\/capacitacaoeggp.vr.uff.br\/index.php?rest_route=\/wp\/v2\/pages"}],"about":[{"href":"https:\/\/capacitacaoeggp.vr.uff.br\/index.php?rest_route=\/wp\/v2\/types\/page"}],"author":[{"embeddable":true,"href":"https:\/\/capacitacaoeggp.vr.uff.br\/index.php?rest_route=\/wp\/v2\/users\/2"}],"replies":[{"embeddable":true,"href":"https:\/\/capacitacaoeggp.vr.uff.br\/index.php?rest_route=%2Fwp%2Fv2%2Fcomments&post=92"}],"version-history":[{"count":18,"href":"https:\/\/capacitacaoeggp.vr.uff.br\/index.php?rest_route=\/wp\/v2\/pages\/92\/revisions"}],"predecessor-version":[{"id":4322,"href":"https:\/\/capacitacaoeggp.vr.uff.br\/index.php?rest_route=\/wp\/v2\/pages\/92\/revisions\/4322"}],"up":[{"embeddable":true,"href":"https:\/\/capacitacaoeggp.vr.uff.br\/index.php?rest_route=\/wp\/v2\/pages\/315"}],"wp:attachment":[{"href":"https:\/\/capacitacaoeggp.vr.uff.br\/index.php?rest_route=%2Fwp%2Fv2%2Fmedia&parent=92"}],"curies":[{"name":"wp","href":"https:\/\/api.w.org\/{rel}","templated":true}]}}

Gratuidade em Cursos de Pós-Graduação

<section id="gm1fff809" class="wp-block-gutentor-m3 section-gm1fff809 gutentor-module gutentor-container-cover"><div class="grid-container">
<h2 class="wp-block-heading" id="saiba-mais-sobre">Saiba mais sobre</h2>



<p class="has-black-color has-text-color" style="font-size:18px">É a análise de processo autuado por servidores técnico-administrativos ou docentes solicitando participação na reserva de 10% de vagas com gratuidades a servidores da UFF em cursos de pós-graduação da instituição que oferecem turmas pagas, lato sensu (especialização/MBA) ou stricto sensu (mestrado profissional), desde que aprovados e classificados no processo seletivo.</p>



<h2 class="wp-block-heading" id="descricao-completa-do-servico">Descrição completa do serviço</h2>



<p class="has-black-color has-text-color" style="font-size:18px">Os cursos de pós-graduação da UFF que oferecem turmas pagas, lato sensu (especialização/MBA) ou stricto sensu (mestrado profissional), reservam 10% de vagas com gratuidades a servidores da UFF, desde que aprovados e classificados no processo seletivo, conforme previsão nas Resoluções CUV/UFF 155/2008 e CEP/UFF 150/2010 em anexo. O servidor deverá se inscrever junto à coordenação do curso desejado, conforme os procedimentos previstos no edital ao qual deseja concorrer, e, paralelamente, autuar solicitação da sua participação na concorrência ao percentual da gratuidade. O processo deverá conter o formulário próprio, devidamente preenchido, com todas as assinaturas, e uma cópia do edital.</p>



<p class="has-black-color has-text-color" style="font-size:18px">Link para o Manual de Apoio para abertura de processos no SEI: <a href="https://www.uff.br/processo/isencao-de-taxa-e-gratuidade-em-cursos-de-pos-graduacao-pagos-na-uff/" target="_blank" aria-label="https://www.uff.br/?q=processo/isencao-de-taxa-e-gratuidade-em-cursos-de-pos-graduacao-pagos-na-uff (opens in a new tab)" rel="noreferrer noopener" class="ek-link">https://www.uff.br/?q=processo/isencao-de-taxa-e-gratuidade-em-cursos-de-pos-graduacao-pagos-na-uff</a></p>



<hr class="wp-block-separator has-css-opacity is-style-wide" />



<h2 class="wp-block-heading" id="quem-pode-utilizar-este-servico">Quem pode utilizar este serviço?</h2>



<ul style="font-size:18px">
<li>Técnico-administrativos</li>



<li>Docentes</li>
</ul>



<hr class="wp-block-separator has-css-opacity is-style-wide" />



<h2 class="wp-block-heading" id="etapas-para-a-realizacao-do-servico">Etapas para a realização do serviço</h2>



<p class="has-black-color has-text-color" style="font-size:18px">Conforme manual disponível em: <a href="https://www.uff.br/processo/isencao-de-taxa-e-gratuidade-em-cursos-de-pos-graduacao-pagos-na-uff/" target="_blank" aria-label=" (opens in a new tab)" rel="noreferrer noopener" class="ek-link">https://www.uff.br/?q=processo/isencao-de-taxa-e-gratuidade-em-cursos-de-pos-graduacao-pagos-na-uff</a></p>



<hr class="wp-block-separator has-css-opacity is-style-wide" />



<h2 class="wp-block-heading" id="dias-e-horarios-de-atendimento">Dias e horários de atendimento</h2>



<p class="has-black-color has-text-color" style="font-size:18px">Segunda a sexta-feira, das 9 às 17h, por email.</p>



<hr class="wp-block-separator has-css-opacity is-style-wide" />



<h2 class="wp-block-heading" id="email-do-setor-responsavel-pelo-servico">Email do setor responsável pelo serviço</h2>



<p class="has-black-color has-text-color" style="font-size:18px"><a href="mailto:sant.dda.eggp@id.uff.br" target="_blank" aria-label="sant.dda.eggp@id.uff.br (opens in a new tab)" rel="noreferrer noopener" class="ek-link">sant.dda.eggp@id.uff.br</a></p>



<hr class="wp-block-separator has-text-color has-black-color has-css-opacity has-black-background-color has-background is-style-wide" />



<h2 class="wp-block-heading" id="base-de-conhecimento">Base de Conhecimento</h2>



<p class="has-black-color has-text-color" style="font-size:18px"><a href="https://www.uff.br/wp-content/uploads/2024/08/sei_uff_-_isencao_de_taxa_e_gratuidade_em_cursos_de_pos-graduacao_pagos_na_uff_-_sti_mar23.pdf" target="_blank" aria-label=" (opens in a new tab)" rel="noreferrer noopener" class="ek-link">Isenção de taxa e gratuidade em cursos de pós-graduação pagos na UFF</a></p>



<hr class="wp-block-separator has-css-opacity is-style-wide" />



<h2 class="wp-block-heading" id="legislacao-associada-a-este-servico">Legislação associada a este serviço</h2>



<p class="has-black-color has-text-color" style="font-size:18px"><a aria-label="Resolução CUV/UFF 155/2008 (opens in a new tab)" href="http://www.conselhos.uff.br/cuv/resolucoes/2008/155-2008.pdf" target="_blank" rel="noreferrer noopener" class="ek-link">Resolução CUV/UFF 155/2008</a></p>



<p class="has-black-color has-text-color" style="font-size:18px"><a aria-label="Resolução nº 150/2010 (opens in a new tab)" href="https://www.uff.br/wp-content/uploads/2023/12/resolucao_150-2010_1.pdf" target="_blank" rel="noreferrer noopener" class="ek-link"><s>Resolução nº 150/2010</s></a> (Revogada)</p>



<p class="has-black-color has-text-color" style="font-size:18px"><a aria-label="Resolução CEPEx UFF 838/2022  (opens in a new tab)" href="https://capacitacaoeggp.vr.uff.br/wp-content/uploads/2022/08/RESOLUCAO-CEPExUFF-No-838-DE-30-DE-MARCO-DE-2022.pdf" target="_blank" rel="noreferrer noopener" class="ek-link">Resolução CEPEx UFF 838/2022</a></p>



<p class="has-black-color has-text-color" style="font-size:18px"><a aria-label="Regulamento Geral dos Cursos de Pós-Graduação lato sensu da UFF (opens in a new tab)" href="http://mba.uff.br/wp-content/uploads/sites/269/2020/10/157-2020-Crite%CC%81rios-para-planejamento-e-execuc%CC%A7a%CC%83o-das-Atividades-Acade%CC%82micas-do-cursos-de-Po%CC%81s-Graduac%CC%A7a%CC%83o-no-peri%CC%81odo-da-pandemia.pdf" target="_blank" rel="noreferrer noopener" class="ek-link">Regulamento Geral dos Cursos de Pós-Graduação lato sensu da UFF</a></p>



<p class="has-black-color has-text-color" style="font-size:18px"></p>



<p></p>
</div></section>



<hr class="wp-block-separator has-css-opacity is-style-wide" />



<p class="has-text-align-center has-black-color has-text-color" style="font-size:22px"><strong>Confira aqui alguns cursos com inscrições abertas:</strong></p>



<p class="has-text-align-center" style="font-size:18px">&gt;&gt; <a href="https://capacitacaoeggp.vr.uff.br/?page_id=1267" target="_blank" aria-label="Pós-graduação Lato Sensu (opens in a new tab)" rel="noreferrer noopener" class="ek-link">Pós-graduação Lato Sensu</a></p>

<p>Confira aqui alguns cursos com inscrições abertas: &gt;&gt; Pós-graduação Lato Sensu</p>
