{"id":955,"date":"2021-10-20T17:19:16","date_gmt":"2021-10-20T20:19:16","guid":{"rendered":"https:\/\/capacitacaoeggp.vr.uff.br\/?page_id=955"},"modified":"2022-03-16T14:58:14","modified_gmt":"2022-03-16T17:58:14","slug":"transparencia-2020","status":"publish","type":"page","link":"https:\/\/capacitacaoeggp.vr.uff.br\/?page_id=955","title":{"rendered":"Transpar\u00eancia 2021"},"content":{"rendered":"\n<p style=\"font-size:18px\">A Universidade Federal Fluminense por meio da Pr\u00f3-Reitoria de Gest\u00e3o de Pessoas (PROGEPE) delega \u00e0 Escola de Governan\u00e7a em Gest\u00e3o P\u00fablica (EGGP) o planejamento e a execu\u00e7\u00e3o do Plano de Desenvolvimento de Pessoas (PDP) 2021.<br>Desta forma, a EGGP vem dar publicidade \u00e0s despesas mensais com a\u00e7\u00f5es de desenvolvimento executadas, conforme previsto no art.18 da Instru\u00e7\u00e3o Normativa SGP-ENAP\/SEDGG\/ME n\u00ba 21, de 1\u00ba de Fevereiro de 2021.<\/p>\n\n\n\n<hr class=\"wp-block-separator is-style-wide\" \/>\n\n\n\n<div class=\"wp-block-file\"><a id=\"wp-block-file--media-fbd205ba-0351-4333-bc94-b6d7189674fa\" href=\"https:\/\/capacitacaoeggp.vr.uff.br\/wp-content\/uploads\/2021\/09\/Cursos-de-capacitacao-Janeiro-de-2021.pdf\" target=\"_blank\" rel=\"noreferrer noopener\">Cursos-de-capacitacao-Janeiro-de-2021<\/a><a href=\"https:\/\/capacitacaoeggp.vr.uff.br\/wp-content\/uploads\/2021\/09\/Cursos-de-capacitacao-Janeiro-de-2021.pdf\" class=\"wp-block-file__button\" download aria-describedby=\"wp-block-file--media-fbd205ba-0351-4333-bc94-b6d7189674fa\">Baixar<\/a><\/div>\n\n\n\n<hr class=\"wp-block-separator is-style-wide\" \/>\n\n\n\n<div class=\"wp-block-file\"><a id=\"wp-block-file--media-add35bdb-c92f-4a95-99af-713b2ca312bd\" href=\"https:\/\/capacitacaoeggp.vr.uff.br\/wp-content\/uploads\/2021\/09\/Cursos-de-Capacitacao-Fevereiro-de-2021.pdf\" target=\"_blank\" rel=\"noreferrer noopener\">Cursos-de-Capacitacao-Fevereiro-de-2021<\/a><a href=\"https:\/\/capacitacaoeggp.vr.uff.br\/wp-content\/uploads\/2021\/09\/Cursos-de-Capacitacao-Fevereiro-de-2021.pdf\" class=\"wp-block-file__button\" download aria-describedby=\"wp-block-file--media-add35bdb-c92f-4a95-99af-713b2ca312bd\">Baixar<\/a><\/div>\n\n\n\n<hr class=\"wp-block-separator is-style-wide\" \/>\n\n\n\n<div class=\"wp-block-file\"><a id=\"wp-block-file--media-d6fe871f-792e-43e4-bb2f-ccc314ece2a4\" href=\"https:\/\/capacitacaoeggp.vr.uff.br\/wp-content\/uploads\/2021\/09\/Cursos-de-Capacitacao-Marco-de-2021.pdf\" target=\"_blank\" rel=\"noreferrer noopener\">Cursos-de-Capacitacao-Marco-de-2021<\/a><a href=\"https:\/\/capacitacaoeggp.vr.uff.br\/wp-content\/uploads\/2021\/09\/Cursos-de-Capacitacao-Marco-de-2021.pdf\" class=\"wp-block-file__button\" download aria-describedby=\"wp-block-file--media-d6fe871f-792e-43e4-bb2f-ccc314ece2a4\">Baixar<\/a><\/div>\n\n\n\n<hr class=\"wp-block-separator is-style-wide\" \/>\n\n\n\n<div class=\"wp-block-file\"><a id=\"wp-block-file--media-07b66d67-235c-42ca-ac82-deac89b65169\" href=\"https:\/\/capacitacaoeggp.vr.uff.br\/wp-content\/uploads\/2021\/09\/Cursos-de-Capacitacao-Maio-de-2021.pdf\" target=\"_blank\" rel=\"noreferrer noopener\">Cursos-de-Capacitacao-Maio-de-2021<\/a><a href=\"https:\/\/capacitacaoeggp.vr.uff.br\/wp-content\/uploads\/2021\/09\/Cursos-de-Capacitacao-Maio-de-2021.pdf\" class=\"wp-block-file__button\" download aria-describedby=\"wp-block-file--media-07b66d67-235c-42ca-ac82-deac89b65169\">Baixar<\/a><\/div>\n\n\n\n<hr class=\"wp-block-separator is-style-wide\" \/>\n\n\n\n<div class=\"wp-block-file\"><a id=\"wp-block-file--media-d063123b-9029-4811-abdf-de1375994f28\" href=\"https:\/\/capacitacaoeggp.vr.uff.br\/wp-content\/uploads\/2021\/09\/Cursos-de-Capacitacao-Junho-de-2021.pdf\" target=\"_blank\" rel=\"noreferrer noopener\">Cursos-de-Capacitacao-Junho-de-2021<\/a><a href=\"https:\/\/capacitacaoeggp.vr.uff.br\/wp-content\/uploads\/2021\/09\/Cursos-de-Capacitacao-Junho-de-2021.pdf\" class=\"wp-block-file__button\" download aria-describedby=\"wp-block-file--media-d063123b-9029-4811-abdf-de1375994f28\">Baixar<\/a><\/div>\n\n\n\n<div class=\"wp-block-file\"><a id=\"wp-block-file--media-3a3e1261-c261-4d70-91b4-fc9a14441e0a\" href=\"https:\/\/capacitacaoeggp.vr.uff.br\/wp-content\/uploads\/2021\/09\/Apoio-a-Iniciativas-de-Capacitacao-junho-de-2021.pdf\" target=\"_blank\" rel=\"noreferrer noopener\">Apoio-a-Iniciativas-de-Capacitacao-junho-de-2021<\/a><a href=\"https:\/\/capacitacaoeggp.vr.uff.br\/wp-content\/uploads\/2021\/09\/Apoio-a-Iniciativas-de-Capacitacao-junho-de-2021.pdf\" class=\"wp-block-file__button\" download aria-describedby=\"wp-block-file--media-3a3e1261-c261-4d70-91b4-fc9a14441e0a\">Baixar<\/a><\/div>\n\n\n\n<hr class=\"wp-block-separator is-style-wide\" \/>\n\n\n\n<div class=\"wp-block-file\"><a id=\"wp-block-file--media-91db73e5-5fe2-4063-b43f-e5326240c005\" href=\"https:\/\/capacitacaoeggp.vr.uff.br\/wp-content\/uploads\/2021\/09\/Cursos-de-Capacitacao-Julho-de-2021.pdf\" target=\"_blank\" rel=\"noreferrer noopener\">Cursos-de-Capacitacao-Julho-de-2021<\/a><a href=\"https:\/\/capacitacaoeggp.vr.uff.br\/wp-content\/uploads\/2021\/09\/Cursos-de-Capacitacao-Julho-de-2021.pdf\" class=\"wp-block-file__button\" download aria-describedby=\"wp-block-file--media-91db73e5-5fe2-4063-b43f-e5326240c005\">Baixar<\/a><\/div>\n\n\n\n<hr class=\"wp-block-separator is-style-wide\" \/>\n\n\n\n<div class=\"wp-block-file\"><a id=\"wp-block-file--media-0d0bc716-1026-4e76-a6b5-5f1b90f0889c\" href=\"https:\/\/capacitacaoeggp.vr.uff.br\/wp-content\/uploads\/2021\/09\/Cursos-de-Capacitacao-Agosto-de-2021.pdf\" target=\"_blank\" rel=\"noreferrer noopener\">Cursos-de-Capacitacao-Agosto-de-2021<\/a><a href=\"https:\/\/capacitacaoeggp.vr.uff.br\/wp-content\/uploads\/2021\/09\/Cursos-de-Capacitacao-Agosto-de-2021.pdf\" class=\"wp-block-file__button\" download aria-describedby=\"wp-block-file--media-0d0bc716-1026-4e76-a6b5-5f1b90f0889c\">Baixar<\/a><\/div>\n\n\n\n<div class=\"wp-block-file\"><a id=\"wp-block-file--media-3e672188-e246-47b3-a922-a61cd0658b49\" href=\"https:\/\/capacitacaoeggp.vr.uff.br\/wp-content\/uploads\/2021\/09\/Apoio-a-Iniciativas-de-Capacitacao-Agosto-de-2021.pdf\" target=\"_blank\" rel=\"noreferrer noopener\">Apoio-a-Iniciativas-de-Capacitacao-Agosto-de-2021<\/a><a href=\"https:\/\/capacitacaoeggp.vr.uff.br\/wp-content\/uploads\/2021\/09\/Apoio-a-Iniciativas-de-Capacitacao-Agosto-de-2021.pdf\" class=\"wp-block-file__button\" download aria-describedby=\"wp-block-file--media-3e672188-e246-47b3-a922-a61cd0658b49\">Baixar<\/a><\/div>\n\n\n\n<hr class=\"wp-block-separator is-style-wide\" \/>\n\n\n\n<div class=\"wp-block-file\"><a id=\"wp-block-file--media-ae601276-cc4b-4601-9536-3343cab26fe4\" href=\"https:\/\/capacitacaoeggp.vr.uff.br\/wp-content\/uploads\/2021\/10\/Cursos-de-Capacitacao-Setembro-de-2021.pdf\" target=\"_blank\" rel=\"noreferrer noopener\">Cursos-de-Capacitacao-Setembro-de-2021<\/a><a href=\"https:\/\/capacitacaoeggp.vr.uff.br\/wp-content\/uploads\/2021\/10\/Cursos-de-Capacitacao-Setembro-de-2021.pdf\" class=\"wp-block-file__button\" download aria-describedby=\"wp-block-file--media-ae601276-cc4b-4601-9536-3343cab26fe4\">Baixar<\/a><\/div>\n\n\n\n<div class=\"wp-block-file\"><a id=\"wp-block-file--media-9b54e7b8-3445-4884-bd86-2dac3173e40d\" href=\"https:\/\/capacitacaoeggp.vr.uff.br\/wp-content\/uploads\/2021\/10\/Apoio-a-Iniciativas-de-Capacitacao-Setembro-de-2021.pdf\" target=\"_blank\" rel=\"noreferrer noopener\">Apoio-a-Iniciativas-de-Capacitacao-Setembro-de-2021<\/a><a href=\"https:\/\/capacitacaoeggp.vr.uff.br\/wp-content\/uploads\/2021\/10\/Apoio-a-Iniciativas-de-Capacitacao-Setembro-de-2021.pdf\" class=\"wp-block-file__button\" download aria-describedby=\"wp-block-file--media-9b54e7b8-3445-4884-bd86-2dac3173e40d\">Baixar<\/a><\/div>\n\n\n\n<hr class=\"wp-block-separator is-style-wide\" \/>\n\n\n\n<div class=\"wp-block-file\"><a id=\"wp-block-file--media-9f250c1c-967a-427a-9f45-2612a3a77e0a\" href=\"https:\/\/capacitacaoeggp.vr.uff.br\/wp-content\/uploads\/2021\/11\/Cursos-de-Capacitacao-Outubro-de-2021.pdf\" target=\"_blank\" rel=\"noreferrer noopener\">Cursos de Capacitacao &#8211; Outubro de 2021<\/a><a href=\"https:\/\/capacitacaoeggp.vr.uff.br\/wp-content\/uploads\/2021\/11\/Cursos-de-Capacitacao-Outubro-de-2021.pdf\" class=\"wp-block-file__button\" download aria-describedby=\"wp-block-file--media-9f250c1c-967a-427a-9f45-2612a3a77e0a\">Baixar<\/a><\/div>\n\n\n\n<div class=\"wp-block-file\"><a id=\"wp-block-file--media-c7b56a3c-71c7-4bc4-beab-3c00ee8f2f1e\" href=\"https:\/\/capacitacaoeggp.vr.uff.br\/wp-content\/uploads\/2021\/11\/Apoio-a-Iniciativas-de-Capacitacao-Outubro-de-2021.pdf\" target=\"_blank\" rel=\"noreferrer noopener\">Apoio a Iniciativas de Capacitacao &#8211; Outubro de 2021<\/a><a href=\"https:\/\/capacitacaoeggp.vr.uff.br\/wp-content\/uploads\/2021\/11\/Apoio-a-Iniciativas-de-Capacitacao-Outubro-de-2021.pdf\" class=\"wp-block-file__button\" download aria-describedby=\"wp-block-file--media-c7b56a3c-71c7-4bc4-beab-3c00ee8f2f1e\">Baixar<\/a><\/div>\n\n\n\n<hr class=\"wp-block-separator is-style-wide\" \/>\n\n\n\n<div class=\"wp-block-file\"><a id=\"wp-block-file--media-d389bca0-5afd-4fa8-8aee-d21716e26120\" href=\"https:\/\/capacitacaoeggp.vr.uff.br\/wp-content\/uploads\/2022\/02\/Cursos-de-Capacitacao-Novembro-de-2021.pdf\" target=\"_blank\" rel=\"noreferrer noopener\">Cursos de Capacita\u00e7\u00e3o &#8211; Novembro de 2021<\/a><a href=\"https:\/\/capacitacaoeggp.vr.uff.br\/wp-content\/uploads\/2022\/02\/Cursos-de-Capacitacao-Novembro-de-2021.pdf\" class=\"wp-block-file__button\" download aria-describedby=\"wp-block-file--media-d389bca0-5afd-4fa8-8aee-d21716e26120\">Baixar<\/a><\/div>\n\n\n\n<div class=\"wp-block-file\"><a id=\"wp-block-file--media-83c400ff-2553-4c48-8778-847a7741c44c\" href=\"https:\/\/capacitacaoeggp.vr.uff.br\/wp-content\/uploads\/2022\/02\/Apoio-a-Iniciativas-de-Capacitacao-Novembro-de-2021.pdf\" target=\"_blank\" rel=\"noreferrer noopener\">Apoio-a-Iniciativas-de-Capacitacao-Novembro-de-2021<\/a><a href=\"https:\/\/capacitacaoeggp.vr.uff.br\/wp-content\/uploads\/2022\/02\/Apoio-a-Iniciativas-de-Capacitacao-Novembro-de-2021.pdf\" class=\"wp-block-file__button\" download aria-describedby=\"wp-block-file--media-83c400ff-2553-4c48-8778-847a7741c44c\">Baixar<\/a><\/div>\n\n\n\n<hr class=\"wp-block-separator is-style-wide\" \/>\n\n\n\n<div class=\"wp-block-file\"><a id=\"wp-block-file--media-7b16c25f-8ab3-4636-ac3f-f99b05c8dabc\" href=\"https:\/\/capacitacaoeggp.vr.uff.br\/wp-content\/uploads\/2022\/02\/Cursos-de-Capacitacao-Dezembro-de-2021.pdf\" target=\"_blank\" rel=\"noreferrer noopener\">Cursos-de-Capacitacao-Dezembro-de-2021<\/a><a href=\"https:\/\/capacitacaoeggp.vr.uff.br\/wp-content\/uploads\/2022\/02\/Cursos-de-Capacitacao-Dezembro-de-2021.pdf\" class=\"wp-block-file__button\" download aria-describedby=\"wp-block-file--media-7b16c25f-8ab3-4636-ac3f-f99b05c8dabc\">Baixar<\/a><\/div>\n\n\n\n<div class=\"wp-block-file\"><a id=\"wp-block-file--media-75bdc10e-39a7-4e9b-92e0-20248e244456\" href=\"https:\/\/capacitacaoeggp.vr.uff.br\/wp-content\/uploads\/2022\/02\/Apoio-a-Iniciativas-de-Capacitacao-Dezembro-de-2021.pdf\" target=\"_blank\" rel=\"noreferrer noopener\">Apoio-a-Iniciativas-de-Capacitacao-Dezembro-de-2021<\/a><a href=\"https:\/\/capacitacaoeggp.vr.uff.br\/wp-content\/uploads\/2022\/02\/Apoio-a-Iniciativas-de-Capacitacao-Dezembro-de-2021.pdf\" class=\"wp-block-file__button\" download aria-describedby=\"wp-block-file--media-75bdc10e-39a7-4e9b-92e0-20248e244456\">Baixar<\/a><\/div>\n\n\n\n<div class=\"wp-block-file\"><a id=\"wp-block-file--media-1ba757b0-a740-4327-acfa-bf52c30a86ca\" href=\"https:\/\/capacitacaoeggp.vr.uff.br\/wp-content\/uploads\/2022\/02\/Programa-de-Qualificacao-Institucional-Dezembro-de-2021.pdf\" target=\"_blank\" rel=\"noreferrer noopener\">Programa-de-Qualificacao-Institucional-Dezembro-de-2021<\/a><a href=\"https:\/\/capacitacaoeggp.vr.uff.br\/wp-content\/uploads\/2022\/02\/Programa-de-Qualificacao-Institucional-Dezembro-de-2021.pdf\" class=\"wp-block-file__button\" download aria-describedby=\"wp-block-file--media-1ba757b0-a740-4327-acfa-bf52c30a86ca\">Baixar<\/a><\/div>\n\n\n\n<div class=\"wp-block-file\"><a id=\"wp-block-file--media-23ab1062-13ce-49c3-b385-42ab00e04ace\" href=\"https:\/\/capacitacaoeggp.vr.uff.br\/wp-content\/uploads\/2022\/02\/Programa-Auxilio-Qualificacao-PQUFF-Dezembro-de-2021.pdf\" target=\"_blank\" rel=\"noreferrer noopener\">Programa-Auxilio-Qualificacao-PQUFF-Dezembro-de-2021<\/a><a href=\"https:\/\/capacitacaoeggp.vr.uff.br\/wp-content\/uploads\/2022\/02\/Programa-Auxilio-Qualificacao-PQUFF-Dezembro-de-2021.pdf\" class=\"wp-block-file__button\" download aria-describedby=\"wp-block-file--media-23ab1062-13ce-49c3-b385-42ab00e04ace\">Baixar<\/a><\/div>\n\n\n\n<div class=\"wp-block-file\"><a id=\"wp-block-file--media-52a410cd-f7d6-4535-a291-d22ac471b0db\" href=\"https:\/\/capacitacaoeggp.vr.uff.br\/wp-content\/uploads\/2022\/02\/Programa-de-Universalizacao-de-Linguas-Estrangeiras-para-servidores-Dezembro-de-2021.pdf\" target=\"_blank\" rel=\"noreferrer noopener\">Programa-de-Universalizacao-de-Linguas-Estrangeiras-para-servidores-Dezembro-de-2021<\/a><a href=\"https:\/\/capacitacaoeggp.vr.uff.br\/wp-content\/uploads\/2022\/02\/Programa-de-Universalizacao-de-Linguas-Estrangeiras-para-servidores-Dezembro-de-2021.pdf\" class=\"wp-block-file__button\" download aria-describedby=\"wp-block-file--media-52a410cd-f7d6-4535-a291-d22ac471b0db\">Baixar<\/a><\/div>\n","protected":false},"excerpt":{"rendered":"<p>A Universidade Federal Fluminense por meio da Pr\u00f3-Reitoria de Gest\u00e3o de Pessoas (PROGEPE) delega \u00e0 Escola de Governan\u00e7a em Gest\u00e3o P\u00fablica (EGGP) o planejamento e a execu\u00e7\u00e3o do Plano de Desenvolvimento de Pessoas (PDP) 2021.Desta forma, a EGGP vem dar publicidade \u00e0s despesas mensais com a\u00e7\u00f5es de desenvolvimento executadas, conforme previsto no art.18 da Instru\u00e7\u00e3o&hellip;<\/p>\n","protected":false},"author":3,"featured_media":0,"parent":306,"menu_order":0,"comment_status":"closed","ping_status":"closed","template":"","meta":{"_editorskit_title_hidden":false,"_editorskit_reading_time":1,"_editorskit_is_block_options_detached":false,"_editorskit_block_options_position":"{}","_monsterinsights_skip_tracking":false,"_monsterinsights_sitenote_active":false,"_monsterinsights_sitenote_note":"","_monsterinsights_sitenote_category":0},"_links":{"self":[{"href":"https:\/\/capacitacaoeggp.vr.uff.br\/index.php?rest_route=\/wp\/v2\/pages\/955"}],"collection":[{"href":"https:\/\/capacitacaoeggp.vr.uff.br\/index.php?rest_route=\/wp\/v2\/pages"}],"about":[{"href":"https:\/\/capacitacaoeggp.vr.uff.br\/index.php?rest_route=\/wp\/v2\/types\/page"}],"author":[{"embeddable":true,"href":"https:\/\/capacitacaoeggp.vr.uff.br\/index.php?rest_route=\/wp\/v2\/users\/3"}],"replies":[{"embeddable":true,"href":"https:\/\/capacitacaoeggp.vr.uff.br\/index.php?rest_route=%2Fwp%2Fv2%2Fcomments&post=955"}],"version-history":[{"count":6,"href":"https:\/\/capacitacaoeggp.vr.uff.br\/index.php?rest_route=\/wp\/v2\/pages\/955\/revisions"}],"predecessor-version":[{"id":1250,"href":"https:\/\/capacitacaoeggp.vr.uff.br\/index.php?rest_route=\/wp\/v2\/pages\/955\/revisions\/1250"}],"up":[{"embeddable":true,"href":"https:\/\/capacitacaoeggp.vr.uff.br\/index.php?rest_route=\/wp\/v2\/pages\/306"}],"wp:attachment":[{"href":"https:\/\/capacitacaoeggp.vr.uff.br\/index.php?rest_route=%2Fwp%2Fv2%2Fmedia&parent=955"}],"curies":[{"name":"wp","href":"https:\/\/api.w.org\/{rel}","templated":true}]}}